CRAN Package Check Results for Package Tcomp

Last updated on 2024-06-13 06:58:20 CEST.

Flavor Version Tinstall Tcheck Ttotal Status Flags
r-devel-linux-x86_64-debian-clang 1.0.1 8.09 104.02 112.11 OK
r-devel-linux-x86_64-debian-gcc 1.0.1 0.28 1.68 1.96 ERROR
r-devel-linux-x86_64-fedora-clang 1.0.1 140.52 OK
r-devel-linux-x86_64-fedora-gcc 1.0.1 143.42 OK
r-devel-windows-x86_64 1.0.1 8.00 89.00 97.00 OK
r-patched-linux-x86_64 1.0.1 7.96 99.42 107.38 OK
r-release-linux-x86_64 1.0.1 6.53 102.70 109.23 OK
r-release-macos-arm64 1.0.1 47.00 OK
r-release-macos-x86_64 1.0.1 71.00 OK
r-release-windows-x86_64 1.0.1 8.00 94.00 102.00 OK
r-oldrel-macos-arm64 1.0.1 50.00 OK
r-oldrel-macos-x86_64 1.0.1 70.00 OK
r-oldrel-windows-x86_64 1.0.1 10.00 199.00 209.00 OK

Check Details

Version: 1.0.1
Check: package dependencies
Result: ERROR Packages required but not available: 'Mcomp', 'forecast' Packages suggested but not available for checking: 'testthat', 'dplyr' See section ‘The DESCRIPTION file’ in the ‘Writing R Extensions’ manual. Flavor: r-devel-linux-x86_64-debian-gcc