CRAN Package Check Results for Package Ternary

Last updated on 2022-01-26 05:54:32 CET.

Flavor Version Tinstall Tcheck Ttotal Status Flags
r-devel-linux-x86_64-debian-clang 2.0.0 6.73 90.13 96.86 OK
r-devel-linux-x86_64-debian-gcc 2.0.0 4.97 68.55 73.52 OK
r-devel-linux-x86_64-fedora-clang 2.0.0 117.09 NOTE
r-devel-linux-x86_64-fedora-gcc 2.0.0 111.11 OK
r-devel-windows-x86_64-new-UL 2.0.0 74.00 380.00 454.00 NOTE
r-devel-windows-x86_64-new-TK 2.0.0 OK
r-patched-linux-x86_64 2.0.0 6.27 90.26 96.53 OK
r-release-linux-x86_64 2.0.0 5.34 89.53 94.87 OK
r-release-macos-arm64 2.0.0 NOTE
r-release-macos-x86_64 2.0.0 NOTE
r-release-windows-ix86+x86_64 2.0.0 14.00 132.00 146.00 NOTE
r-oldrel-macos-x86_64 2.0.0 NOTE
r-oldrel-windows-ix86+x86_64 2.0.0 13.00 137.00 150.00 NOTE

Check Details

Version: 2.0.0
Check: installed package size
Result: NOTE
     installed size is 5.1Mb
     sub-directories of 1Mb or more:
     doc 4.7Mb
Flavors: r-devel-linux-x86_64-fedora-clang, r-devel-windows-x86_64-new-UL, r-release-macos-arm64, r-release-macos-x86_64, r-release-windows-ix86+x86_64, r-oldrel-macos-x86_64, r-oldrel-windows-ix86+x86_64