CRAN Package Check Results for Package TestDesign

Last updated on 2023-10-01 06:53:21 CEST.

Flavor Version Tinstall Tcheck Ttotal Status Flags
r-devel-linux-x86_64-debian-clang 1.5.1 162.63 420.56 583.19 NOTE
r-devel-linux-x86_64-debian-gcc 1.5.1 118.38 304.37 422.75 NOTE
r-devel-linux-x86_64-fedora-clang 1.5.1 867.16 NOTE
r-devel-linux-x86_64-fedora-gcc 1.5.1 836.99 NOTE
r-devel-windows-x86_64 1.5.1 127.00 322.00 449.00 NOTE
r-patched-linux-x86_64 1.5.1 176.81 418.13 594.94 NOTE
r-release-linux-x86_64 1.5.1 152.13 422.68 574.81 NOTE
r-release-macos-arm64 1.5.1 192.00 NOTE
r-release-macos-x86_64 1.5.1 340.00 NOTE
r-release-windows-x86_64 1.5.1 164.00 514.00 678.00 NOTE
r-oldrel-macos-arm64 1.5.1 184.00 NOTE
r-oldrel-macos-x86_64 1.5.1 247.00 NOTE
r-oldrel-windows-x86_64 1.5.1 166.00 408.00 574.00 NOTE

Check Details

Version: 1.5.1
Check: package dependencies
Result: NOTE
    Package suggested but not available for checking: ‘gurobi’
Flavors: r-devel-linux-x86_64-debian-clang, r-devel-linux-x86_64-debian-gcc, r-devel-linux-x86_64-fedora-clang, r-devel-linux-x86_64-fedora-gcc, r-devel-windows-x86_64, r-patched-linux-x86_64, r-release-linux-x86_64, r-release-macos-arm64, r-release-macos-x86_64, r-release-windows-x86_64, r-oldrel-macos-arm64, r-oldrel-macos-x86_64, r-oldrel-windows-x86_64

Version: 1.5.1
Check: installed package size
Result: NOTE
     installed size is 9.0Mb
     sub-directories of 1Mb or more:
     libs 6.5Mb
Flavors: r-release-macos-arm64, r-release-macos-x86_64, r-oldrel-macos-arm64, r-oldrel-macos-x86_64