CRAN Package Check Results for Package ThermalSampleR

Last updated on 2024-06-23 06:56:45 CEST.

Flavor Version Tinstall Tcheck Ttotal Status Flags
r-devel-linux-x86_64-debian-clang 0.1.2 8.38 128.83 137.21 OK
r-devel-linux-x86_64-debian-gcc 0.1.2 5.68 97.58 103.26 OK
r-devel-linux-x86_64-fedora-clang 0.1.2 170.37 NOTE
r-devel-linux-x86_64-fedora-gcc 0.1.2 170.21 NOTE
r-devel-windows-x86_64 0.1.2 7.00 105.00 112.00 OK
r-patched-linux-x86_64 0.1.2 5.00 125.97 130.97 OK
r-release-linux-x86_64 0.1.2 4.45 123.76 128.21 OK
r-release-macos-arm64 0.1.2 52.00 OK
r-release-macos-x86_64 0.1.2 84.00 OK
r-release-windows-x86_64 0.1.2 8.00 103.00 111.00 OK
r-oldrel-macos-arm64 0.1.2 53.00 OK
r-oldrel-macos-x86_64 0.1.2 112.00 OK
r-oldrel-windows-x86_64 0.1.2 10.00 153.00 163.00 OK

Check Details

Version: 0.1.2
Check: dependencies in R code
Result: NOTE Namespaces in Imports field not imported from: ‘MASS’ ‘base’ ‘graphics’ ‘janitor’ ‘rlang’ ‘testthat’ ‘utils’ All declared Imports should be used. Flavors: r-devel-linux-x86_64-fedora-clang, r-devel-linux-x86_64-fedora-gcc