CRAN Package Check Results for Package ThreeWay

Last updated on 2024-07-19 06:50:29 CEST.

Flavor Version Tinstall Tcheck Ttotal Status Flags
r-devel-linux-x86_64-debian-clang 1.1.3 16.87 95.23 112.10 NOTE
r-devel-linux-x86_64-debian-gcc 1.1.3 12.89 68.38 81.27 NOTE
r-devel-linux-x86_64-fedora-clang 1.1.3 135.43 NOTE
r-devel-linux-x86_64-fedora-gcc 1.1.3 125.20 NOTE
r-devel-windows-x86_64 1.1.3 13.00 99.00 112.00 NOTE
r-patched-linux-x86_64 1.1.3 17.24 89.68 106.92 NOTE
r-release-linux-x86_64 1.1.3 18.23 90.06 108.29 NOTE
r-release-macos-arm64 1.1.3 34.00 NOTE
r-release-macos-x86_64 1.1.3 52.00 NOTE
r-release-windows-x86_64 1.1.3 13.00 92.00 105.00 NOTE
r-oldrel-macos-arm64 1.1.3 35.00 NOTE
r-oldrel-macos-x86_64 1.1.3 64.00 NOTE
r-oldrel-windows-x86_64 1.1.3 13.00 107.00 120.00 NOTE

Check Details

Version: 1.1.3
Check: Rd files
Result: NOTE checkRd: (-1) CPdimensionalityplot.Rd:18: Escaped LaTeX specials: \& checkRd: (-1) CPdimensionalityplot.Rd:19: Escaped LaTeX specials: \& checkRd: (-1) Kinship.Rd:15: Escaped LaTeX specials: \& checkRd: (-1) Kinship.Rd:23: Escaped LaTeX specials: \& checkRd: (-1) T2func.Rd:44: Escaped LaTeX specials: \& checkRd: (-1) T2funcrep.Rd:44: Escaped LaTeX specials: \& checkRd: (-1) T3dimensionalityplot.Rd:18: Escaped LaTeX specials: \& checkRd: (-1) T3func.Rd:43: Escaped LaTeX specials: \& checkRd: (-1) T3func.Rd:44: Escaped LaTeX specials: \& checkRd: (-1) T3funcrep.Rd:43: Escaped LaTeX specials: \& checkRd: (-1) T3funcrep.Rd:44: Escaped LaTeX specials: \& checkRd: (-1) TV.Rd:26: Escaped LaTeX specials: \& \& \& checkRd: (-1) TV.Rd:30: Escaped LaTeX specials: \& checkRd: (-1) TV.Rd:31: Escaped LaTeX specials: \& checkRd: (-1) TV.Rd:32: Escaped LaTeX specials: \& checkRd: (-1) TV.Rd:33: Escaped LaTeX specials: \& checkRd: (-1) pcamean.Rd:33: Escaped LaTeX specials: \& checkRd: (-1) threewayanova.Rd:24: Escaped LaTeX specials: \& Flavors: r-devel-linux-x86_64-debian-clang, r-devel-linux-x86_64-debian-gcc, r-devel-linux-x86_64-fedora-clang, r-devel-linux-x86_64-fedora-gcc, r-devel-windows-x86_64, r-patched-linux-x86_64, r-release-linux-x86_64, r-release-macos-arm64, r-release-macos-x86_64, r-release-windows-x86_64, r-oldrel-macos-arm64, r-oldrel-macos-x86_64, r-oldrel-windows-x86_64