CRAN Package Check Results for Package TimeSeries.OBeu

Last updated on 2019-09-16 05:47:10 CEST.

Flavor Version Tinstall Tcheck Ttotal Status Flags
r-devel-linux-x86_64-debian-clang 1.2.3 2.73 31.80 34.53 OK
r-devel-linux-x86_64-debian-gcc 1.2.3 2.39 25.34 27.73 OK
r-devel-linux-x86_64-fedora-clang 1.2.3 42.95 NOTE
r-devel-linux-x86_64-fedora-gcc 1.2.3 42.61 NOTE
r-devel-windows-ix86+x86_64 1.2.3 16.00 77.00 93.00 OK
r-patched-linux-x86_64 1.2.3 2.48 31.74 34.22 OK
r-patched-solaris-x86 1.2.3 61.50 NOTE
r-release-linux-x86_64 1.2.3 2.52 32.58 35.10 OK
r-release-windows-ix86+x86_64 1.2.3 8.00 52.00 60.00 OK
r-release-osx-x86_64 1.2.3 NOTE
r-oldrel-windows-ix86+x86_64 1.2.3 8.00 46.00 54.00 OK
r-oldrel-osx-x86_64 1.2.3 NOTE

Check Details

Version: 1.2.3
Check: dependencies in R code
Result: NOTE
    Namespace in Imports field not imported from: ‘devtools’
     All declared Imports should be used.
Flavors: r-devel-linux-x86_64-fedora-clang, r-devel-linux-x86_64-fedora-gcc, r-patched-solaris-x86, r-release-osx-x86_64, r-oldrel-osx-x86_64