Last updated on 2019-12-07 05:47:52 CET.
Flavor | Version | Tinstall | Tcheck | Ttotal | Status | Flags |
---|---|---|---|---|---|---|
r-devel-linux-x86_64-debian-clang | 1.0 | 58.37 | 126.20 | 184.57 | OK | |
r-devel-linux-x86_64-debian-gcc | 1.0 | 47.63 | 95.67 | 143.30 | OK | |
r-devel-linux-x86_64-fedora-clang | 1.0 | 237.24 | NOTE | |||
r-devel-linux-x86_64-fedora-gcc | 1.0 | 224.10 | OK | |||
r-devel-windows-ix86+x86_64 | 1.0 | 120.00 | 227.00 | 347.00 | OK | |
r-devel-windows-ix86+x86_64-gcc8 | 1.0 | 163.00 | 224.00 | 387.00 | OK | |
r-patched-linux-x86_64 | 1.0 | 50.68 | 111.14 | 161.82 | OK | |
r-patched-solaris-x86 | 1.0 | 241.30 | OK | |||
r-release-linux-x86_64 | 1.0 | 54.27 | 110.59 | 164.86 | OK | |
r-release-windows-ix86+x86_64 | 1.0 | 112.00 | 164.00 | 276.00 | OK | |
r-release-osx-x86_64 | 1.0 | WARN | ||||
r-oldrel-windows-ix86+x86_64 | 1.0 | 108.00 | 183.00 | 291.00 | OK | |
r-oldrel-osx-x86_64 | 1.0 | NOTE |
Version: 1.0
Check: installed package size
Result: NOTE
installed size is 13.6Mb
sub-directories of 1Mb or more:
extdata 1.4Mb
libs 12.0Mb
Flavors: r-devel-linux-x86_64-fedora-clang, r-release-osx-x86_64, r-oldrel-osx-x86_64
Version: 1.0
Check: whether package can be installed
Result: WARN
Found the following significant warnings:
Warning: 'rgl_init' failed, running with rgl.useNULL = TRUE
Flavor: r-release-osx-x86_64