CRAN Package Check Results for Package TreeSearch

Last updated on 2022-01-25 05:54:59 CET.

Flavor Version Tinstall Tcheck Ttotal Status Flags
r-devel-linux-x86_64-debian-clang 1.1.0 42.24 364.76 407.00 OK
r-devel-linux-x86_64-debian-gcc 1.1.0 38.01 292.09 330.10 OK
r-devel-linux-x86_64-fedora-clang 1.1.0 503.08 NOTE
r-devel-linux-x86_64-fedora-gcc 1.1.0 521.58 OK
r-devel-windows-x86_64-new-UL 1.1.0 340.00 509.00 849.00 OK
r-devel-windows-x86_64-new-TK 1.1.0 OK
r-patched-linux-x86_64 1.1.0 53.25 363.77 417.02 OK
r-release-linux-x86_64 1.1.0 34.27 361.49 395.76 OK
r-release-macos-arm64 1.0.1 OK
r-release-macos-x86_64 1.1.0 NOTE
r-release-windows-ix86+x86_64 1.1.0 113.00 551.00 664.00 NOTE
r-oldrel-macos-x86_64 1.0.1 OK
r-oldrel-windows-ix86+x86_64 1.1.0 113.00 560.00 673.00 NOTE

Check Details

Version: 1.1.0
Check: installed package size
Result: NOTE
     installed size is 5.0Mb
     sub-directories of 1Mb or more:
     datasets 1.6Mb
     libs 1.2Mb
Flavors: r-devel-linux-x86_64-fedora-clang, r-release-macos-x86_64, r-release-windows-ix86+x86_64, r-oldrel-windows-ix86+x86_64