CRAN Package Check Results for Package TruncatedNormal

Last updated on 2019-12-14 05:47:47 CET.

Flavor Version Tinstall Tcheck Ttotal Status Flags
r-devel-linux-x86_64-debian-clang 2.1 44.86 123.08 167.94 OK
r-devel-linux-x86_64-debian-gcc 2.1 31.10 88.90 120.00 OK
r-devel-linux-x86_64-fedora-clang 2.1 216.21 OK
r-devel-linux-x86_64-fedora-gcc 2.1 203.53 OK
r-devel-windows-ix86+x86_64 2.1 91.00 239.00 330.00 OK
r-devel-windows-ix86+x86_64-gcc8 2.1 92.00 233.00 325.00 OK
r-patched-linux-x86_64 2.1 35.00 115.03 150.03 OK
r-patched-solaris-x86 2.1 460.70 OK
r-release-linux-x86_64 2.1 36.49 110.95 147.44 OK
r-release-windows-ix86+x86_64 2.1 81.00 177.00 258.00 OK
r-release-osx-x86_64 2.1 OK
r-oldrel-windows-ix86+x86_64 2.1 80.00 163.00 243.00 WARN
r-oldrel-osx-x86_64 2.1 OK

Check Details

Version: 2.1
Check: re-building of vignette outputs
Result: WARN
    Error in re-building vignettes:
     ...
    Quitting from lines 171-210 (TruncatedNormal_vignette.Rmd)
    Error: processing vignette 'TruncatedNormal_vignette.Rmd' failed with diagnostics:
    cannot open the connection
    Execution halted
Flavor: r-oldrel-windows-ix86+x86_64