CRAN Package Check Results for Package TruncatedNormal

Last updated on 2019-08-22 05:47:14 CEST.

Flavor Version Tinstall Tcheck Ttotal Status Flags
r-devel-linux-x86_64-debian-clang 2.0 45.62 167.00 212.62 OK
r-devel-linux-x86_64-debian-gcc 2.0 38.34 125.02 163.36 OK
r-devel-linux-x86_64-fedora-clang 2.0 270.38 OK
r-devel-linux-x86_64-fedora-gcc 2.0 260.68 OK
r-devel-windows-ix86+x86_64 2.0 133.00 309.00 442.00 OK
r-patched-linux-x86_64 2.0 42.95 160.71 203.66 OK
r-patched-solaris-x86 2.0 550.80 OK
r-release-linux-x86_64 2.0 38.95 162.01 200.96 OK
r-release-windows-ix86+x86_64 2.0 125.00 334.00 459.00 OK
r-release-osx-x86_64 2.0 OK
r-oldrel-windows-ix86+x86_64 2.0 121.00 316.00 437.00 WARN
r-oldrel-osx-x86_64 2.0 OK

Check Details

Version: 2.0
Check: re-building of vignette outputs
Result: WARN
    Error in re-building vignettes:
     ...
    Quitting from lines 171-210 (TruncatedNormal_vignette.Rmd)
    Error: processing vignette 'TruncatedNormal_vignette.Rmd' failed with diagnostics:
    cannot open the connection
    Execution halted
Flavor: r-oldrel-windows-ix86+x86_64