CRAN Package Check Results for Package UCSCXenaShiny

Last updated on 2019-08-23 05:47:08 CEST.

Flavor Version Tinstall Tcheck Ttotal Status Flags
r-devel-linux-x86_64-debian-clang 0.2.0 5.84 40.28 46.12 OK
r-devel-linux-x86_64-debian-gcc 0.2.0 4.74 31.37 36.11 OK
r-devel-linux-x86_64-fedora-clang 0.2.0 56.15 NOTE
r-devel-linux-x86_64-fedora-gcc 0.2.0 53.02 NOTE
r-devel-windows-ix86+x86_64 0.2.0 20.00 88.00 108.00 OK
r-patched-linux-x86_64 0.2.0 5.31 38.84 44.15 OK
r-patched-solaris-x86 0.2.0 93.30 NOTE
r-release-linux-x86_64 0.2.0 5.93 38.60 44.53 OK
r-release-windows-ix86+x86_64 0.2.0 34.00 84.00 118.00 OK
r-release-osx-x86_64 0.2.0 NOTE
r-oldrel-windows-ix86+x86_64 0.2.0 19.00 81.00 100.00 OK
r-oldrel-osx-x86_64 0.2.0 NOTE

Check Details

Version: 0.2.0
Check: dependencies in R code
Result: NOTE
    Namespaces in Imports field not imported from:
     ‘DT’ ‘RColorBrewer’ ‘plotly’ ‘shinyBS’ ‘shinyjs’ ‘shinythemes’ ‘zip’
     All declared Imports should be used.
Flavors: r-devel-linux-x86_64-fedora-clang, r-devel-linux-x86_64-fedora-gcc, r-patched-solaris-x86, r-release-osx-x86_64, r-oldrel-osx-x86_64

Version: 0.2.0
Check: data for non-ASCII characters
Result: NOTE
     Note: found 162 marked UTF-8 strings
Flavors: r-devel-linux-x86_64-fedora-clang, r-devel-linux-x86_64-fedora-gcc, r-patched-solaris-x86, r-release-osx-x86_64, r-oldrel-osx-x86_64