CRAN Package Check Results for Package UCSCXenaTools

Last updated on 2022-01-23 05:58:08 CET.

Flavor Version Tinstall Tcheck Ttotal Status Flags
r-devel-linux-x86_64-debian-clang 1.4.7 7.35 77.57 84.92 OK
r-devel-linux-x86_64-debian-gcc 1.4.7 6.18 64.33 70.51 OK
r-devel-linux-x86_64-fedora-clang 1.4.7 101.80 NOTE
r-devel-linux-x86_64-fedora-gcc 1.4.7 88.57 NOTE
r-devel-windows-x86_64-new-UL 1.4.7 136.00 134.00 270.00 OK
r-devel-windows-x86_64-new-TK 1.4.7 NOTE
r-patched-linux-x86_64 1.4.7 7.09 71.73 78.82 OK
r-release-linux-x86_64 1.4.7 5.53 71.67 77.20 OK
r-release-macos-arm64 1.4.7 NOTE
r-release-macos-x86_64 1.4.7 NOTE
r-release-windows-ix86+x86_64 1.4.7 20.00 114.00 134.00 OK
r-oldrel-macos-x86_64 1.4.7 NOTE
r-oldrel-windows-ix86+x86_64 1.4.7 19.00 108.00 127.00 OK

Check Details

Version: 1.4.7
Check: data for non-ASCII characters
Result: NOTE
     Note: found 2 marked UTF-8 strings
Flavors: r-devel-linux-x86_64-fedora-clang, r-devel-linux-x86_64-fedora-gcc, r-devel-windows-x86_64-new-TK, r-release-macos-arm64, r-release-macos-x86_64, r-oldrel-macos-x86_64