CRAN Package Check Results for Package USgrid

Last updated on 2021-12-04 05:57:29 CET.

Flavor Version Tinstall Tcheck Ttotal Status Flags
r-devel-linux-x86_64-debian-clang 0.1.2 4.07 31.53 35.60 OK
r-devel-linux-x86_64-debian-gcc 0.1.2 3.62 31.08 34.70 OK
r-devel-linux-x86_64-fedora-clang 0.1.2 56.57 NOTE
r-devel-linux-x86_64-fedora-gcc 0.1.2 44.62 NOTE
r-devel-windows-x86_64-new-UL 0.1.2 9.00 70.00 79.00 OK
r-devel-windows-x86_64-new-TK 0.1.2 NOTE
r-devel-windows-x86_64-old 0.1.2 11.00 44.00 55.00 OK
r-patched-linux-x86_64 0.1.2 3.98 29.53 33.51 OK
r-release-linux-x86_64 0.1.2 4.06 29.62 33.68 OK
r-release-macos-arm64 0.1.2 NOTE
r-release-macos-x86_64 0.1.2 NOTE
r-release-windows-ix86+x86_64 0.1.2 9.00 55.00 64.00 OK
r-oldrel-macos-x86_64 0.1.2 NOTE
r-oldrel-windows-ix86+x86_64 0.1.2 9.00 56.00 65.00 OK

Check Details

Version: 0.1.2
Check: dependencies in R code
Result: NOTE
    Namespace in Imports field not imported from: ‘tsibble’
     All declared Imports should be used.
Flavors: r-devel-linux-x86_64-fedora-clang, r-devel-linux-x86_64-fedora-gcc, r-devel-windows-x86_64-new-TK, r-release-macos-arm64, r-release-macos-x86_64, r-oldrel-macos-x86_64