CRAN Package Check Results for Package V8

Last updated on 2022-07-07 05:56:16 CEST.

Flavor Version Tinstall Tcheck Ttotal Status Flags
r-devel-linux-x86_64-debian-clang 4.2.0 22.42 41.11 63.53 OK
r-devel-linux-x86_64-debian-gcc 4.2.0 20.97 32.00 52.97 OK
r-devel-linux-x86_64-fedora-gcc 4.2.0 96.22 OK
r-devel-windows-x86_64 4.2.0 86.00 200.00 286.00 NOTE
r-patched-linux-x86_64 4.2.0 25.77 40.21 65.98 OK
r-release-linux-x86_64 4.2.0 25.70 39.44 65.14 OK
r-release-macos-arm64 4.2.0 55.00 NOTE
r-release-macos-x86_64 4.2.0 117.00 NOTE
r-release-windows-x86_64 4.2.0 81.00 204.00 285.00 NOTE
r-oldrel-macos-arm64 4.2.0 57.00 NOTE
r-oldrel-macos-x86_64 4.2.0 123.00 NOTE
r-oldrel-windows-ix86+x86_64 4.2.0 115.00 221.00 336.00 NOTE

Check Details

Version: 4.2.0
Check: installed package size
Result: NOTE
     installed size is 17.1Mb
     sub-directories of 1Mb or more:
     doc 1.7Mb
     libs 15.3Mb
Flavors: r-devel-windows-x86_64, r-release-macos-arm64, r-release-macos-x86_64, r-release-windows-x86_64, r-oldrel-macos-arm64, r-oldrel-macos-x86_64, r-oldrel-windows-ix86+x86_64