Last updated on 2022-08-12 05:53:02 CEST.
Flavor | Version | Tinstall | Tcheck | Ttotal | Status | Flags |
---|---|---|---|---|---|---|
r-devel-linux-x86_64-debian-clang | 2.0.5 | 107.96 | 48.81 | 156.77 | NOTE | |
r-devel-linux-x86_64-debian-gcc | 2.0.5 | 83.18 | 37.67 | 120.85 | NOTE | |
r-devel-linux-x86_64-fedora-clang | 2.0.5 | 236.44 | NOTE | |||
r-devel-linux-x86_64-fedora-gcc | 2.0.5 | 215.39 | OK | |||
r-devel-windows-x86_64 | 2.0.5 | 86.00 | 90.00 | 176.00 | OK | |
r-patched-linux-x86_64 | 2.0.5 | 89.14 | 45.97 | 135.11 | OK | |
r-release-linux-x86_64 | 2.0.5 | 91.08 | 45.08 | 136.16 | OK | |
r-release-macos-arm64 | 2.0.5 | 52.00 | NOTE | |||
r-release-macos-x86_64 | 2.0.5 | 65.00 | NOTE | |||
r-release-windows-x86_64 | 2.0.5 | 85.00 | 96.00 | 181.00 | OK | |
r-oldrel-macos-arm64 | 2.0.5 | 59.00 | NOTE | |||
r-oldrel-macos-x86_64 | 2.0.5 | 71.00 | NOTE | |||
r-oldrel-windows-ix86+x86_64 | 2.0.5 | 256.00 | 97.00 | 353.00 | OK |
Version: 2.0.5
Check: HTML version of manual
Result: NOTE
Found the following math rendering problems:
ACtest.Rd:89-92: Undefined control sequence: \label in ...bold{\psi }}, \label{LMstat}
ACtest.Rd:116-120: Undefined control sequence: \label in ...I}_{K})^{-1}, \label{HCCME}
Flavors: r-devel-linux-x86_64-debian-clang, r-devel-linux-x86_64-debian-gcc
Version: 2.0.5
Check: Rd cross-references
Result: NOTE
Undeclared package ‘vars’ in Rd xrefs
Flavor: r-devel-linux-x86_64-fedora-clang
Version: 2.0.5
Check: installed package size
Result: NOTE
installed size is 6.4Mb
sub-directories of 1Mb or more:
libs 6.2Mb
Flavors: r-release-macos-arm64, r-release-macos-x86_64, r-oldrel-macos-arm64, r-oldrel-macos-x86_64