CRAN Package Check Results for Package VICmodel

Last updated on 2020-01-17 05:47:29 CET.

Flavor Version Tinstall Tcheck Ttotal Status Flags
r-devel-linux-x86_64-debian-clang 0.1.2 230.01 36.38 266.39 WARN
r-devel-linux-x86_64-debian-gcc 0.1.2 139.83 27.67 167.50 WARN
r-devel-linux-x86_64-fedora-clang 0.1.2 365.49 OK
r-devel-linux-x86_64-fedora-gcc 0.1.2 328.19 WARN
r-devel-windows-ix86+x86_64 0.1.2 643.00 83.00 726.00 OK
r-devel-windows-ix86+x86_64-gcc8 0.1.2 480.00 90.00 570.00 OK
r-patched-linux-x86_64 0.1.2 155.99 32.98 188.97 OK
r-patched-solaris-x86 0.1.2 266.80 OK
r-release-linux-x86_64 0.1.2 160.00 33.32 193.32 OK
r-release-windows-ix86+x86_64 0.1.2 639.00 80.00 719.00 OK
r-release-osx-x86_64 0.1.2 OK
r-oldrel-windows-ix86+x86_64 0.1.2 587.00 76.00 663.00 OK
r-oldrel-osx-x86_64 0.1.2 OK

Check Details

Version: 0.1.2
Check: whether package can be installed
Result: WARN
    Found the following significant warnings:
     vic/drivers/shared_all/src/compress_files.c:49:5: warning: ignoring return value of function declared with 'warn_unused_result' attribute [-Wunused-result]
     vic/drivers/shared_all/src/forcing_utils.c:140:5: warning: ignoring return value of function declared with 'warn_unused_result' attribute [-Wunused-result]
     vic/drivers/shared_all/src/forcing_utils.c:161:9: warning: ignoring return value of function declared with 'warn_unused_result' attribute [-Wunused-result]
     vic/drivers/shared_all/src/get_parameters.c:43:5: warning: ignoring return value of function declared with 'warn_unused_result' attribute [-Wunused-result]
     vic/drivers/shared_all/src/get_parameters.c:51:17: warning: ignoring return value of function declared with 'warn_unused_result' attribute [-Wunused-result]
     vic/drivers/shared_all/src/get_parameters.c:540:9: warning: ignoring return value of function declared with 'warn_unused_result' attribute [-Wunused-result]
     vic/drivers/shared_all/src/input_tools.c:77:5: warning: ignoring return value of function declared with 'warn_unused_result' attribute [-Wunused-result]
     vic/drivers/shared_all/src/input_tools.c:101:9: warning: ignoring return value of function declared with 'warn_unused_result' attribute [-Wunused-result]
     vic/drivers/shared_all/src/open_file.c:89:17: warning: ignoring return value of function declared with 'warn_unused_result' attribute [-Wunused-result]
     vic/drivers/shared_all/src/open_file.c:98:17: warning: ignoring return value of function declared with 'warn_unused_result' attribute [-Wunused-result]
Flavor: r-devel-linux-x86_64-debian-clang

Version: 0.1.2
Check: whether package can be installed
Result: WARN
    Found the following significant warnings:
     vic/drivers/shared_all/src/compress_files.c:49:5: warning: ignoring return value of ‘system’, declared with attribute warn_unused_result [-Wunused-result]
     vic/drivers/shared_all/src/forcing_utils.c:140:5: warning: ignoring return value of ‘fgets’, declared with attribute warn_unused_result [-Wunused-result]
     vic/drivers/shared_all/src/forcing_utils.c:161:9: warning: ignoring return value of ‘fgets’, declared with attribute warn_unused_result [-Wunused-result]
     vic/drivers/shared_all/src/get_parameters.c:43:5: warning: ignoring return value of ‘fgets’, declared with attribute warn_unused_result [-Wunused-result]
     vic/drivers/shared_all/src/get_parameters.c:51:17: warning: ignoring return value of ‘fgets’, declared with attribute warn_unused_result [-Wunused-result]
     vic/drivers/shared_all/src/get_parameters.c:540:9: warning: ignoring return value of ‘fgets’, declared with attribute warn_unused_result [-Wunused-result]
     vic/drivers/shared_all/src/input_tools.c:77:5: warning: ignoring return value of ‘fgets’, declared with attribute warn_unused_result [-Wunused-result]
     vic/drivers/shared_all/src/input_tools.c:101:9: warning: ignoring return value of ‘fgets’, declared with attribute warn_unused_result [-Wunused-result]
     vic/drivers/shared_all/src/open_file.c:89:17: warning: ignoring return value of ‘fgets’, declared with attribute warn_unused_result [-Wunused-result]
     vic/drivers/shared_all/src/open_file.c:98:17: warning: ignoring return value of ‘fgets’, declared with attribute warn_unused_result [-Wunused-result]
Flavors: r-devel-linux-x86_64-debian-gcc, r-devel-linux-x86_64-fedora-gcc