CRAN Package Check Results for Package VICmodel

Last updated on 2019-08-25 05:47:02 CEST.

Flavor Version Tinstall Tcheck Ttotal Status Flags
r-devel-linux-x86_64-debian-clang 0.1.2 195.16 34.88 230.04 WARN
r-devel-linux-x86_64-debian-gcc 0.1.2 137.83 27.07 164.90 WARN
r-devel-linux-x86_64-fedora-clang 0.1.2 359.24 OK
r-devel-linux-x86_64-fedora-gcc 0.1.2 324.00 WARN
r-devel-windows-ix86+x86_64 0.1.2 400.00 115.00 515.00 OK
r-patched-linux-x86_64 0.1.2 161.92 34.44 196.36 OK
r-patched-solaris-x86 0.1.2 319.00 OK
r-release-linux-x86_64 0.1.2 164.25 34.79 199.04 OK
r-release-windows-ix86+x86_64 0.1.2 590.00 103.00 693.00 OK
r-release-osx-x86_64 0.1.2 OK
r-oldrel-windows-ix86+x86_64 0.1.2 564.00 103.00 667.00 OK
r-oldrel-osx-x86_64 0.1.2 OK

Check Details

Version: 0.1.2
Check: whether package can be installed
Result: WARN
    Found the following significant warnings:
     vic/drivers/shared_all/src/compress_files.c:49:5: warning: ignoring return value of function declared with 'warn_unused_result' attribute [-Wunused-result]
     vic/drivers/shared_all/src/forcing_utils.c:161:9: warning: ignoring return value of function declared with 'warn_unused_result' attribute [-Wunused-result]
     vic/drivers/shared_all/src/forcing_utils.c:140:5: warning: ignoring return value of function declared with 'warn_unused_result' attribute [-Wunused-result]
     vic/drivers/shared_all/src/get_parameters.c:51:17: warning: ignoring return value of function declared with 'warn_unused_result' attribute [-Wunused-result]
     vic/drivers/shared_all/src/get_parameters.c:540:9: warning: ignoring return value of function declared with 'warn_unused_result' attribute [-Wunused-result]
     vic/drivers/shared_all/src/get_parameters.c:43:5: warning: ignoring return value of function declared with 'warn_unused_result' attribute [-Wunused-result]
     vic/drivers/shared_all/src/input_tools.c:101:9: warning: ignoring return value of function declared with 'warn_unused_result' attribute [-Wunused-result]
     vic/drivers/shared_all/src/input_tools.c:77:5: warning: ignoring return value of function declared with 'warn_unused_result' attribute [-Wunused-result]
     vic/drivers/shared_all/src/open_file.c:89:17: warning: ignoring return value of function declared with 'warn_unused_result' attribute [-Wunused-result]
     vic/drivers/shared_all/src/open_file.c:98:17: warning: ignoring return value of function declared with 'warn_unused_result' attribute [-Wunused-result]
Flavor: r-devel-linux-x86_64-debian-clang

Version: 0.1.2
Check: whether package can be installed
Result: WARN
    Found the following significant warnings:
     vic/drivers/shared_all/src/compress_files.c:49:5: warning: ignoring return value of ‘system’, declared with attribute warn_unused_result [-Wunused-result]
     vic/drivers/shared_all/src/forcing_utils.c:140:5: warning: ignoring return value of ‘fgets’, declared with attribute warn_unused_result [-Wunused-result]
     vic/drivers/shared_all/src/forcing_utils.c:161:9: warning: ignoring return value of ‘fgets’, declared with attribute warn_unused_result [-Wunused-result]
     vic/drivers/shared_all/src/get_parameters.c:43:5: warning: ignoring return value of ‘fgets’, declared with attribute warn_unused_result [-Wunused-result]
     vic/drivers/shared_all/src/get_parameters.c:51:17: warning: ignoring return value of ‘fgets’, declared with attribute warn_unused_result [-Wunused-result]
     vic/drivers/shared_all/src/get_parameters.c:540:9: warning: ignoring return value of ‘fgets’, declared with attribute warn_unused_result [-Wunused-result]
     vic/drivers/shared_all/src/input_tools.c:77:5: warning: ignoring return value of ‘fgets’, declared with attribute warn_unused_result [-Wunused-result]
     vic/drivers/shared_all/src/input_tools.c:101:9: warning: ignoring return value of ‘fgets’, declared with attribute warn_unused_result [-Wunused-result]
     vic/drivers/shared_all/src/open_file.c:89:17: warning: ignoring return value of ‘fgets’, declared with attribute warn_unused_result [-Wunused-result]
     vic/drivers/shared_all/src/open_file.c:98:17: warning: ignoring return value of ‘fgets’, declared with attribute warn_unused_result [-Wunused-result]
Flavors: r-devel-linux-x86_64-debian-gcc, r-devel-linux-x86_64-fedora-gcc