CRAN Package Check Results for Package VIM

Last updated on 2022-08-19 05:53:05 CEST.

Flavor Version Tinstall Tcheck Ttotal Status Flags
r-devel-linux-x86_64-debian-clang 6.1.1 40.01 203.64 243.65 NOTE
r-devel-linux-x86_64-debian-gcc 6.1.1 33.01 150.41 183.42 NOTE
r-devel-linux-x86_64-fedora-clang 6.1.1 306.37 NOTE
r-devel-linux-x86_64-fedora-gcc 6.1.1 315.62 NOTE
r-devel-windows-x86_64 6.1.1 54.00 278.00 332.00 NOTE
r-patched-linux-x86_64 6.1.1 42.20 187.34 229.54 OK
r-release-linux-x86_64 6.1.1 OK
r-release-macos-arm64 6.1.1 82.00 NOTE
r-release-macos-x86_64 6.1.1 136.00 NOTE
r-release-windows-x86_64 6.1.1 64.00 270.00 334.00 NOTE
r-oldrel-macos-arm64 6.1.1 126.00 NOTE
r-oldrel-macos-x86_64 6.1.1 122.00 NOTE
r-oldrel-windows-ix86+x86_64 6.1.1 82.00 335.00 417.00 NOTE

Check Details

Version: 6.1.1
Check: HTML version of manual
Result: NOTE
    Found the following math rendering problems:
    colSequence.Rd:16: Can't use function '$' in math mode in $[0,1]$
    matrixplot.Rd:91: Can't use function '$' in math mode in $[0,1]$
Flavors: r-devel-linux-x86_64-debian-clang, r-devel-linux-x86_64-debian-gcc, r-devel-linux-x86_64-fedora-clang, r-devel-linux-x86_64-fedora-gcc, r-devel-windows-x86_64

Version: 6.1.1
Check: dependencies in R code
Result: NOTE
    Namespace in Imports field not imported from: ‘magrittr’
     All declared Imports should be used.
Flavors: r-devel-linux-x86_64-fedora-clang, r-devel-linux-x86_64-fedora-gcc, r-release-macos-arm64, r-release-macos-x86_64, r-oldrel-macos-arm64, r-oldrel-macos-x86_64

Version: 6.1.1
Check: Rd cross-references
Result: NOTE
    Undeclared package ‘mi’ in Rd xrefs
Flavor: r-devel-linux-x86_64-fedora-clang

Version: 6.1.1
Check: data for non-ASCII characters
Result: NOTE
     Note: found 2754 marked UTF-8 strings
Flavors: r-devel-linux-x86_64-fedora-clang, r-devel-linux-x86_64-fedora-gcc, r-release-macos-arm64, r-release-macos-x86_64, r-oldrel-macos-arm64, r-oldrel-macos-x86_64

Version: 6.1.1
Check: installed package size
Result: NOTE
     installed size is 5.4Mb
     sub-directories of 1Mb or more:
     doc 3.1Mb
     libs 1.0Mb
Flavors: r-devel-windows-x86_64, r-release-macos-arm64, r-release-macos-x86_64, r-release-windows-x86_64, r-oldrel-macos-arm64, r-oldrel-macos-x86_64, r-oldrel-windows-ix86+x86_64