CRAN Package Check Results for Package VarBundle

Last updated on 2019-08-23 05:47:08 CEST.

Flavor Version Tinstall Tcheck Ttotal Status Flags
r-devel-linux-x86_64-debian-clang 0.3.0 3.58 34.69 38.27 NOTE
r-devel-linux-x86_64-debian-gcc 0.3.0 2.82 26.83 29.65 NOTE
r-devel-linux-x86_64-fedora-clang 0.3.0 48.59 OK
r-devel-linux-x86_64-fedora-gcc 0.3.0 45.56 OK
r-devel-windows-ix86+x86_64 0.3.0 13.00 69.00 82.00 NOTE
r-patched-linux-x86_64 0.3.0 2.91 32.97 35.88 OK
r-patched-solaris-x86 0.3.0 71.10 OK
r-release-linux-x86_64 0.3.0 2.68 32.97 35.65 OK
r-release-windows-ix86+x86_64 0.3.0 16.00 69.00 85.00 OK
r-release-osx-x86_64 0.3.0 OK
r-oldrel-windows-ix86+x86_64 0.3.0 8.00 64.00 72.00 OK
r-oldrel-osx-x86_64 0.3.0 OK

Check Details

Version: 0.3.0
Check: package vignettes
Result: NOTE
    Package vignette with placeholder title 'Vignette Title':
     'intro-to-varbundle.Rmd'
Flavors: r-devel-linux-x86_64-debian-clang, r-devel-linux-x86_64-debian-gcc, r-devel-windows-ix86+x86_64