CRAN Package Check Results for Package VarBundle

Last updated on 2020-01-19 05:47:23 CET.

Flavor Version Tinstall Tcheck Ttotal Status Flags
r-devel-linux-x86_64-debian-clang 0.3.0 3.69 37.77 41.46 NOTE
r-devel-linux-x86_64-debian-gcc 0.3.0 3.05 28.97 32.02 NOTE
r-devel-linux-x86_64-fedora-clang 0.3.0 51.14 OK
r-devel-linux-x86_64-fedora-gcc 0.3.0 49.55 OK
r-devel-windows-ix86+x86_64 0.3.0 13.00 78.00 91.00 NOTE
r-devel-windows-ix86+x86_64-gcc8 0.3.0 11.00 59.00 70.00 NOTE
r-patched-linux-x86_64 0.3.0 2.65 33.49 36.14 OK
r-patched-solaris-x86 0.3.0 69.10 OK
r-release-linux-x86_64 0.3.0 3.06 33.49 36.55 OK
r-release-windows-ix86+x86_64 0.3.0 15.00 71.00 86.00 OK
r-release-osx-x86_64 0.3.0 OK
r-oldrel-windows-ix86+x86_64 0.3.0 9.00 45.00 54.00 OK
r-oldrel-osx-x86_64 0.3.0 OK

Check Details

Version: 0.3.0
Check: package vignettes
Result: NOTE
    Package vignette with placeholder title 'Vignette Title':
     'intro-to-varbundle.Rmd'
Flavors: r-devel-linux-x86_64-debian-clang, r-devel-linux-x86_64-debian-gcc, r-devel-windows-ix86+x86_64, r-devel-windows-ix86+x86_64-gcc8