CRAN Package Check Results for Package ViSiElse

Last updated on 2021-12-06 05:53:28 CET.

Flavor Version Tinstall Tcheck Ttotal Status Flags
r-devel-linux-x86_64-debian-clang 1.2.2 12.69 186.99 199.68 OK
r-devel-linux-x86_64-debian-gcc 1.2.2 11.41 141.43 152.84 OK
r-devel-linux-x86_64-fedora-clang 1.2.2 240.49 NOTE
r-devel-linux-x86_64-fedora-gcc 1.2.2 229.98 NOTE
r-devel-windows-x86_64-new-UL 1.2.2 27.00 229.00 256.00 OK
r-devel-windows-x86_64-new-TK 1.2.2 NOTE
r-devel-windows-x86_64-old 1.2.2 22.00 151.00 173.00 OK
r-patched-linux-x86_64 1.2.2 13.29 171.54 184.83 OK
r-release-linux-x86_64 1.2.2 12.13 181.07 193.20 OK
r-release-macos-arm64 1.2.2 NOTE
r-release-macos-x86_64 1.2.2 NOTE
r-release-windows-ix86+x86_64 1.2.2 27.00 208.00 235.00 OK
r-oldrel-macos-x86_64 1.2.2 NOTE
r-oldrel-windows-ix86+x86_64 1.2.2 26.00 217.00 243.00 OK

Check Details

Version: 1.2.2
Check: dependencies in R code
Result: NOTE
    Namespaces in Imports field not imported from:
     ‘ggplot2’ ‘reshape2’
     All declared Imports should be used.
Flavors: r-devel-linux-x86_64-fedora-clang, r-devel-linux-x86_64-fedora-gcc, r-devel-windows-x86_64-new-TK, r-release-macos-arm64, r-release-macos-x86_64, r-oldrel-macos-x86_64