CRAN Package Check Results for Package ViewPipeSteps

Last updated on 2022-08-10 05:55:04 CEST.

Flavor Version Tinstall Tcheck Ttotal Status Flags
r-devel-linux-x86_64-debian-clang 0.1.0 2.25 23.48 25.73 OK
r-devel-linux-x86_64-debian-gcc 0.1.0 2.00 18.25 20.25 OK
r-devel-linux-x86_64-fedora-clang 0.1.0 42.61 NOTE
r-devel-linux-x86_64-fedora-gcc 0.1.0 41.42 NOTE
r-devel-windows-x86_64 0.1.0 15.00 47.00 62.00 OK
r-patched-linux-x86_64 0.1.0 2.55 23.41 25.96 OK
r-release-linux-x86_64 0.1.0 OK
r-release-macos-arm64 0.1.0 16.00 NOTE
r-release-macos-x86_64 0.1.0 26.00 NOTE
r-release-windows-x86_64 0.1.0 14.00 48.00 62.00 OK
r-oldrel-macos-arm64 0.1.0 14.00 NOTE
r-oldrel-macos-x86_64 0.1.0 22.00 NOTE
r-oldrel-windows-ix86+x86_64 0.1.0 6.00 43.00 49.00 OK

Check Details

Version: 0.1.0
Check: dependencies in R code
Result: NOTE
    Namespace in Imports field not imported from: ‘dplyr’
     All declared Imports should be used.
Flavors: r-devel-linux-x86_64-fedora-clang, r-devel-linux-x86_64-fedora-gcc, r-release-macos-arm64, r-release-macos-x86_64, r-oldrel-macos-arm64, r-oldrel-macos-x86_64