CRAN Package Check Results for Package YPBP

Last updated on 2020-11-27 05:49:12 CET.

Flavor Version Tinstall Tcheck Ttotal Status Flags
r-devel-linux-x86_64-debian-clang 0.0.1 250.41 143.65 394.06 NOTE
r-devel-linux-x86_64-debian-gcc 0.0.1 342.14 120.63 462.77 NOTE
r-devel-linux-x86_64-fedora-clang 0.0.1 538.61 NOTE
r-devel-linux-x86_64-fedora-gcc 0.0.1 561.03 NOTE
r-devel-windows-ix86+x86_64 0.0.1 579.00 287.00 866.00 NOTE
r-patched-linux-x86_64 0.0.1 356.29 154.33 510.62 NOTE
r-patched-solaris-x86 0.0.1 567.70 NOTE
r-release-linux-x86_64 0.0.1 357.04 154.25 511.29 NOTE
r-release-macos-x86_64 0.0.1 NOTE
r-release-windows-ix86+x86_64 0.0.1 370.00 8.00 378.00 ERROR
r-oldrel-macos-x86_64 0.0.1 NOTE
r-oldrel-windows-ix86+x86_64 0.0.1 431.00 305.00 736.00 NOTE

Check Details

Version: 0.0.1
Check: for GNU extensions in Makefiles
Result: NOTE
    GNU make is a SystemRequirements.
Flavors: r-devel-linux-x86_64-debian-clang, r-devel-linux-x86_64-debian-gcc, r-devel-linux-x86_64-fedora-clang, r-devel-linux-x86_64-fedora-gcc, r-devel-windows-ix86+x86_64, r-patched-linux-x86_64, r-patched-solaris-x86, r-release-linux-x86_64, r-release-macos-x86_64, r-oldrel-macos-x86_64, r-oldrel-windows-ix86+x86_64

Version: 0.0.1
Check: installed package size
Result: NOTE
     installed size is 48.4Mb
     sub-directories of 1Mb or more:
     libs 48.0Mb
Flavors: r-devel-linux-x86_64-fedora-clang, r-devel-windows-ix86+x86_64, r-release-macos-x86_64, r-oldrel-macos-x86_64, r-oldrel-windows-ix86+x86_64

Version: 0.0.1
Check: dependencies in R code
Result: NOTE
    Namespace in Imports field not imported from: ‘rstantools’
     All declared Imports should be used.
Flavors: r-devel-linux-x86_64-fedora-clang, r-devel-linux-x86_64-fedora-gcc, r-patched-solaris-x86, r-release-macos-x86_64, r-oldrel-macos-x86_64

Version: 0.0.1
Check: whether package can be installed
Result: ERROR
    Installation failed.
Flavor: r-release-windows-ix86+x86_64