CRAN Package Check Results for Package act

Last updated on 2021-11-29 05:49:37 CET.

Flavor Version Tinstall Tcheck Ttotal Status Flags
r-devel-linux-x86_64-debian-clang 1.1.9 OK
r-devel-linux-x86_64-debian-gcc 1.1.9 10.64 58.14 68.78 OK
r-devel-linux-x86_64-fedora-clang 1.1.9 121.29 NOTE
r-devel-linux-x86_64-fedora-gcc 1.1.9 109.27 NOTE
r-devel-windows-x86_64-new-UL 1.1.9 33.00 133.00 166.00 OK
r-devel-windows-x86_64-new-TK 1.1.9 NOTE
r-devel-windows-x86_64-old 1.1.9 16.00 111.00 127.00 OK
r-patched-linux-x86_64 1.1.9 13.38 76.78 90.16 OK
r-patched-solaris-x86 1.1.9 137.80 NOTE
r-release-linux-x86_64 1.1.9 12.06 75.95 88.01 OK
r-release-macos-arm64 1.1.9 NOTE
r-release-macos-x86_64 1.1.9 NOTE
r-release-windows-ix86+x86_64 1.1.9 25.00 100.00 125.00 OK
r-oldrel-macos-x86_64 1.1.9 NOTE
r-oldrel-windows-ix86+x86_64 1.1.9 18.00 102.00 120.00 OK

Check Details

Version: 1.1.9
Check: data for non-ASCII characters
Result: NOTE
     Note: found 305 marked UTF-8 strings
Flavors: r-devel-linux-x86_64-fedora-clang, r-devel-linux-x86_64-fedora-gcc, r-devel-windows-x86_64-new-TK, r-patched-solaris-x86, r-release-macos-arm64, r-release-macos-x86_64, r-oldrel-macos-x86_64