CRAN Package Check Results for Package actel

Last updated on 2021-12-09 05:59:27 CET.

Flavor Version Tinstall Tcheck Ttotal Status Flags
r-devel-linux-x86_64-debian-clang 1.2.1 21.38 200.01 221.39 NOTE
r-devel-linux-x86_64-debian-gcc 1.2.1 17.79 145.33 163.12 NOTE
r-devel-linux-x86_64-fedora-clang 1.2.1 262.86 NOTE
r-devel-linux-x86_64-fedora-gcc 1.2.1 248.71 NOTE
r-devel-windows-x86_64-new-UL 1.2.1 53.00 287.00 340.00 OK
r-devel-windows-x86_64-new-TK 1.2.1 NOTE
r-devel-windows-x86_64-old 1.2.1 37.00 256.00 293.00 OK
r-patched-linux-x86_64 1.2.1 21.39 197.11 218.50 NOTE
r-release-linux-x86_64 1.2.1 19.50 194.90 214.40 NOTE
r-release-macos-arm64 1.2.1 NOTE
r-release-macos-x86_64 1.2.1 NOTE
r-release-windows-ix86+x86_64 1.2.1 31.00 209.00 240.00 OK
r-oldrel-macos-x86_64 1.2.1 NOTE
r-oldrel-windows-ix86+x86_64 1.2.1 43.00 233.00 276.00 OK

Check Details

Version: 1.2.1
Check: package dependencies
Result: NOTE
    Package suggested but not available for checking: 'gWidgets2RGtk2'
    
    Suggests orphaned package: 'RGtk2'
Flavors: r-devel-linux-x86_64-debian-clang, r-devel-linux-x86_64-debian-gcc, r-devel-linux-x86_64-fedora-clang, r-patched-linux-x86_64, r-release-linux-x86_64

Version: 1.2.1
Check: installed package size
Result: NOTE
     installed size is 5.0Mb
     sub-directories of 1Mb or more:
     doc 3.7Mb
Flavors: r-devel-linux-x86_64-fedora-clang, r-release-macos-arm64, r-release-macos-x86_64, r-oldrel-macos-x86_64

Version: 1.2.1
Check: dependencies in R code
Result: NOTE
    Namespace in Imports field not imported from: ‘svglite’
     All declared Imports should be used.
Flavors: r-devel-linux-x86_64-fedora-clang, r-devel-linux-x86_64-fedora-gcc, r-devel-windows-x86_64-new-TK, r-release-macos-arm64, r-release-macos-x86_64, r-oldrel-macos-x86_64

Version: 1.2.1
Check: package dependencies
Result: NOTE
    Package suggested but not available for checking: ‘gWidgets2RGtk2’
Flavors: r-devel-linux-x86_64-fedora-gcc, r-devel-windows-x86_64-new-TK

Version: 1.2.1
Check: package dependencies
Result: NOTE
    Packages suggested but not available for checking:
     'RGtk2', 'gWidgets2RGtk2'
Flavor: r-release-macos-arm64