CRAN Package Check Results for Package adaptMT

Last updated on 2024-06-12 06:58:13 CEST.

Flavor Version Tinstall Tcheck Ttotal Status Flags
r-devel-linux-x86_64-debian-clang 1.0.0 3.97 273.48 277.45 NOTE
r-devel-linux-x86_64-debian-gcc 1.0.0 2.81 202.06 204.87 NOTE
r-devel-linux-x86_64-fedora-clang 1.0.0 344.51 NOTE
r-devel-linux-x86_64-fedora-gcc 1.0.0 349.69 NOTE
r-devel-windows-x86_64 1.0.0 3.00 274.00 277.00 NOTE
r-patched-linux-x86_64 1.0.0 4.73 261.35 266.08 NOTE
r-release-linux-x86_64 1.0.0 3.65 264.80 268.45 NOTE
r-release-macos-arm64 1.0.0 145.00 NOTE
r-release-macos-x86_64 1.0.0 305.00 NOTE
r-release-windows-x86_64 1.0.0 6.00 283.00 289.00 NOTE
r-oldrel-macos-arm64 1.0.0 156.00 OK
r-oldrel-macos-x86_64 1.0.0 265.00 OK
r-oldrel-windows-x86_64 1.0.0 4.00 301.00 305.00 OK

Check Details

Version: 1.0.0
Check: Rd files
Result: NOTE checkRd: (-1) adapt.Rd:46: Lost braces 46 | \item{qvals}{a vector of values in [0, 1]U{Inf}. Q-values. See Details} | ^ checkRd: (-1) corr_lfdr.Rd:22: Lost braces in \itemize; \value handles \item{}{} directly checkRd: (-1) corr_lfdr.Rd:23: Lost braces in \itemize; \value handles \item{}{} directly checkRd: (-1) corr_lfdr.Rd:24: Lost braces in \itemize; \value handles \item{}{} directly checkRd: (-1) corr_lfdr.Rd:25: Lost braces in \itemize; \value handles \item{}{} directly checkRd: (-1) corr_lfdr.Rd:26: Lost braces in \itemize; \value handles \item{}{} directly checkRd: (-1) ctgm_lfdr.Rd:32: Lost braces in \itemize; \value handles \item{}{} directly checkRd: (-1) ctgm_lfdr.Rd:33: Lost braces in \itemize; \value handles \item{}{} directly checkRd: (-1) plot_2d.Rd:40: Lost braces; missing escapes or markup? 40 | \code{plot_2d_lfdr} gives the contour plot of local FDR estimates when all p-values are equal to \code{targetp}. It is recommended to run \code{plot_2d_lfdr} for multiple \code{targetp}'s ranging from {0.001, 0.005, 0.01, 0.05}. | ^ Flavors: r-devel-linux-x86_64-debian-clang, r-devel-linux-x86_64-debian-gcc, r-devel-linux-x86_64-fedora-clang, r-devel-linux-x86_64-fedora-gcc, r-devel-windows-x86_64, r-patched-linux-x86_64, r-release-linux-x86_64, r-release-macos-arm64, r-release-macos-x86_64, r-release-windows-x86_64