CRAN Package Check Results for Package add2ggplot

Last updated on 2022-05-28 05:53:02 CEST.

Flavor Version Tinstall Tcheck Ttotal Status Flags
r-devel-linux-x86_64-debian-clang 0.3.0 6.61 73.05 79.66 NOTE
r-devel-linux-x86_64-debian-gcc 0.3.0 4.21 53.36 57.57 NOTE
r-devel-linux-x86_64-fedora-clang 0.3.0 93.67 NOTE
r-devel-linux-x86_64-fedora-gcc 0.3.0 88.45 NOTE
r-devel-windows-x86_64 0.3.0 19.00 93.00 112.00 NOTE
r-patched-linux-x86_64 0.3.0 4.44 67.63 72.07 NOTE
r-release-linux-x86_64 0.3.0 4.91 67.12 72.03 NOTE
r-release-macos-arm64 0.3.0 27.00 NOTE
r-release-macos-x86_64 0.3.0 40.00 NOTE
r-release-windows-x86_64 0.3.0 24.00 91.00 115.00 NOTE
r-oldrel-macos-arm64 0.3.0 40.00 NOTE
r-oldrel-macos-x86_64 0.3.0 44.00 NOTE
r-oldrel-windows-ix86+x86_64 0.3.0 17.00 80.00 97.00 NOTE

Check Details

Version: 0.3.0
Check: LazyData
Result: NOTE
     'LazyData' is specified without a 'data' directory
Flavors: r-devel-linux-x86_64-debian-clang, r-devel-linux-x86_64-debian-gcc, r-devel-linux-x86_64-fedora-clang, r-devel-linux-x86_64-fedora-gcc, r-devel-windows-x86_64, r-patched-linux-x86_64, r-release-linux-x86_64, r-release-macos-arm64, r-release-macos-x86_64, r-release-windows-x86_64, r-oldrel-macos-arm64, r-oldrel-macos-x86_64, r-oldrel-windows-ix86+x86_64