CRAN Package Check Results for Package addinsOutline

Last updated on 2021-11-28 05:49:26 CET.

Flavor Version Tinstall Tcheck Ttotal Status Flags
r-devel-linux-x86_64-debian-clang 0.1.6 NOTE
r-devel-linux-x86_64-debian-gcc 0.1.6 6.39 47.30 53.69 NOTE
r-devel-linux-x86_64-fedora-clang 0.1.6 94.86 NOTE
r-devel-linux-x86_64-fedora-gcc 0.1.6 81.45 NOTE
r-devel-windows-x86_64-new-UL 0.1.6 16.00 104.00 120.00 NOTE
r-devel-windows-x86_64-new-TK 0.1.6 NOTE
r-devel-windows-x86_64-old 0.1.6 9.00 90.00 99.00 NOTE
r-patched-linux-x86_64 0.1.6 7.45 58.39 65.84 NOTE
r-patched-solaris-x86 0.1.6 117.40 NOTE
r-release-linux-x86_64 0.1.6 7.18 59.27 66.45 NOTE
r-release-macos-arm64 0.1.6 NOTE
r-release-macos-x86_64 0.1.6 NOTE
r-release-windows-ix86+x86_64 0.1.6 20.00 79.00 99.00 NOTE
r-oldrel-macos-x86_64 0.1.6 OK
r-oldrel-windows-ix86+x86_64 0.1.6 25.00 82.00 107.00 OK

Check Details

Version: 0.1.6
Check: LazyData
Result: NOTE
     'LazyData' is specified without a 'data' directory
Flavors: r-devel-linux-x86_64-debian-clang, r-devel-linux-x86_64-debian-gcc, r-devel-linux-x86_64-fedora-clang, r-devel-linux-x86_64-fedora-gcc, r-devel-windows-x86_64-new-UL, r-devel-windows-x86_64-new-TK, r-devel-windows-x86_64-old, r-patched-linux-x86_64, r-patched-solaris-x86, r-release-linux-x86_64, r-release-macos-arm64, r-release-macos-x86_64, r-release-windows-ix86+x86_64