Last updated on 2021-03-08 05:47:21 CET.
Flavor | Version | Tinstall | Tcheck | Ttotal | Status | Flags |
---|---|---|---|---|---|---|
r-devel-linux-x86_64-debian-clang | 1.7-16 | 46.73 | 335.61 | 382.34 | OK | |
r-devel-linux-x86_64-debian-gcc | 1.7-16 | 35.34 | 245.66 | 281.00 | OK | |
r-devel-linux-x86_64-fedora-clang | 1.7-16 | 460.45 | NOTE | |||
r-devel-linux-x86_64-fedora-gcc | 1.7-16 | 459.84 | NOTE | |||
r-devel-windows-ix86+x86_64 | 1.7-16 | 83.00 | 647.00 | 730.00 | NOTE | |
r-devel-windows-x86_64-gcc10-UCRT | 1.7-16 | NOTE | ||||
r-patched-linux-x86_64 | 1.7-16 | 41.64 | 312.21 | 353.85 | OK | |
r-patched-solaris-x86 | 1.7-16 | 559.10 | NOTE | |||
r-release-linux-x86_64 | 1.7-16 | 40.28 | 312.21 | 352.49 | OK | |
r-release-macos-x86_64 | 1.7-16 | NOTE | ||||
r-release-windows-ix86+x86_64 | 1.7-16 | 60.00 | 634.00 | 694.00 | NOTE | |
r-oldrel-macos-x86_64 | 1.7-16 | NOTE | ||||
r-oldrel-windows-ix86+x86_64 | 1.7-16 | 54.00 | 469.00 | 523.00 | NOTE |
Version: 1.7-16
Check: installed package size
Result: NOTE
installed size is 7.8Mb
sub-directories of 1Mb or more:
R 1.4Mb
data 2.8Mb
pictures 2.1Mb
Flavors: r-devel-linux-x86_64-fedora-clang, r-devel-windows-ix86+x86_64, r-patched-solaris-x86, r-release-macos-x86_64, r-release-windows-ix86+x86_64, r-oldrel-macos-x86_64, r-oldrel-windows-ix86+x86_64
Version: 1.7-16
Check: dependencies in R code
Result: NOTE
Namespace in Imports field not imported from: ‘sp’
All declared Imports should be used.
Flavors: r-devel-linux-x86_64-fedora-clang, r-devel-linux-x86_64-fedora-gcc, r-devel-windows-x86_64-gcc10-UCRT, r-patched-solaris-x86, r-release-macos-x86_64
Version: 1.7-16
Check: dependencies in R code
Result: NOTE
No protocol specified
No protocol specified
No protocol specified
No protocol specified
Namespace in Imports field not imported from: ‘sp’
All declared Imports should be used.
Flavor: r-oldrel-macos-x86_64