CRAN Package Check Results for Package admiraldev

Last updated on 2024-07-16 05:55:45 CEST.

Flavor Version Tinstall Tcheck Ttotal Status Flags
r-devel-linux-x86_64-debian-clang 1.1.0 8.37 108.29 116.66 OK
r-devel-linux-x86_64-debian-gcc 1.1.0 6.29 77.40 83.69 OK
r-devel-linux-x86_64-fedora-clang 1.1.0 148.39 OK
r-devel-linux-x86_64-fedora-gcc 1.1.0 147.26 OK
r-devel-windows-x86_64 1.1.0 9.00 110.00 119.00 NOTE
r-patched-linux-x86_64 1.1.0 15.92 100.10 116.02 OK
r-release-linux-x86_64 1.1.0 8.59 102.53 111.12 OK
r-release-macos-arm64 1.1.0 52.00 OK
r-release-macos-x86_64 1.1.0 145.00 OK
r-release-windows-x86_64 1.1.0 9.00 109.00 118.00 OK
r-oldrel-macos-arm64 1.1.0 61.00 OK
r-oldrel-macos-x86_64 1.1.0 117.00 OK
r-oldrel-windows-x86_64 1.1.0 12.00 130.00 142.00 OK

Check Details

Version: 1.1.0
Check: Rd cross-references
Result: NOTE Found the following Rd file(s) with Rd \link{} targets missing package anchors: vars2chr.Rd: exprs Please provide package anchors for all Rd \link{} targets not in the package itself and the base packages. Flavor: r-devel-windows-x86_64