CRAN Package Check Results for Package affluenceIndex

Last updated on 2022-01-19 05:48:17 CET.

Flavor Version Tinstall Tcheck Ttotal Status Flags
r-devel-linux-x86_64-debian-clang 2.1 6.56 82.69 89.25 OK
r-devel-linux-x86_64-debian-gcc 2.1 8.41 67.09 75.50 OK
r-devel-linux-x86_64-fedora-clang 2.1 113.33 OK
r-devel-linux-x86_64-fedora-gcc 2.1 101.67 OK
r-devel-windows-x86_64-new-UL 2.1 59.00 102.00 161.00 OK
r-devel-windows-x86_64-new-TK 2.1 OK
r-patched-linux-x86_64 2.1 9.13 80.28 89.41 NOTE
r-release-linux-x86_64 2.1 NOTE
r-release-macos-arm64 2.1 OK
r-release-macos-x86_64 2.1 OK
r-release-windows-ix86+x86_64 2.1 21.00 97.00 118.00 OK
r-oldrel-macos-x86_64 2.0 OK
r-oldrel-windows-ix86+x86_64 2.1 21.00 99.00 120.00 OK

Check Details

Version: 2.1
Check: DESCRIPTION meta-information
Result: NOTE
    Dependence on R version ‘3.6.2’ not with patchlevel 0
Flavors: r-patched-linux-x86_64, r-release-linux-x86_64