CRAN Package Check Results for Package ahpsurvey

Last updated on 2023-01-27 05:52:56 CET.

Flavor Version Tinstall Tcheck Ttotal Status Flags
r-devel-linux-x86_64-debian-clang 0.4.1 6.23 69.09 75.32 OK
r-devel-linux-x86_64-debian-gcc 0.4.1 4.46 49.68 54.14 OK
r-devel-linux-x86_64-fedora-clang 0.4.1 96.93 NOTE
r-devel-linux-x86_64-fedora-gcc 0.4.1 150.25 NOTE
r-devel-windows-x86_64 0.4.1 20.00 92.00 112.00 OK
r-patched-linux-x86_64 0.4.1 6.53 64.56 71.09 OK
r-release-linux-x86_64 0.4.1 4.69 107.32 112.01 OK
r-release-macos-arm64 0.4.1 41.00 NOTE
r-release-macos-x86_64 0.4.1 70.00 NOTE
r-release-windows-x86_64 0.4.1 21.00 140.00 161.00 OK
r-oldrel-macos-arm64 0.4.1 56.00 NOTE
r-oldrel-macos-x86_64 0.4.1 72.00 NOTE
r-oldrel-windows-ix86+x86_64 0.4.1 15.00 93.00 108.00 OK

Check Details

Version: 0.4.1
Check: dependencies in R code
Result: NOTE
    Namespaces in Imports field not imported from:
     ‘knitr’ ‘randomNames’ ‘tidyr’
     All declared Imports should be used.
Flavors: r-devel-linux-x86_64-fedora-clang, r-devel-linux-x86_64-fedora-gcc, r-release-macos-arm64, r-release-macos-x86_64, r-oldrel-macos-arm64, r-oldrel-macos-x86_64