CRAN Package Check Results for Package ahptopsis2n

Last updated on 2024-06-24 06:49:06 CEST.

Flavor Version Tinstall Tcheck Ttotal Status Flags
r-devel-linux-x86_64-debian-clang 0.2.0 1.99 25.25 27.24 NOTE
r-devel-linux-x86_64-debian-gcc 0.2.0 1.69 19.35 21.04 NOTE
r-devel-linux-x86_64-fedora-clang 0.2.0 36.00 NOTE
r-devel-linux-x86_64-fedora-gcc 0.2.0 46.01 NOTE
r-devel-windows-x86_64 0.2.0 3.00 41.00 44.00 NOTE
r-patched-linux-x86_64 0.2.0 1.61 23.76 25.37 NOTE
r-release-linux-x86_64 0.2.0 2.09 24.47 26.56 NOTE
r-release-macos-arm64 0.2.0 21.00 NOTE
r-release-macos-x86_64 0.2.0 34.00 NOTE
r-release-windows-x86_64 0.2.0 4.00 40.00 44.00 NOTE
r-oldrel-macos-arm64 0.2.0 20.00 NOTE
r-oldrel-macos-x86_64 0.2.0 30.00 NOTE
r-oldrel-windows-x86_64 0.2.0 3.00 40.00 43.00 NOTE

Check Details

Version: 0.2.0
Check: LazyData
Result: NOTE 'LazyData' is specified without a 'data' directory Flavors: r-devel-linux-x86_64-debian-clang, r-devel-linux-x86_64-debian-gcc, r-devel-linux-x86_64-fedora-clang, r-devel-linux-x86_64-fedora-gcc, r-devel-windows-x86_64, r-patched-linux-x86_64, r-release-linux-x86_64, r-release-macos-arm64, r-release-macos-x86_64, r-release-windows-x86_64, r-oldrel-macos-arm64, r-oldrel-macos-x86_64, r-oldrel-windows-x86_64