CRAN Package Check Results for Package aire.zmvm

Last updated on 2024-06-16 06:58:41 CEST.

Flavor Version Tinstall Tcheck Ttotal Status Flags
r-devel-linux-x86_64-debian-clang 0.9.0 8.65 81.80 90.45 OK
r-devel-linux-x86_64-debian-gcc 0.9.0 8.14 61.63 69.77 OK
r-devel-linux-x86_64-fedora-clang 0.9.0 116.91 NOTE
r-devel-linux-x86_64-fedora-gcc 0.9.0 112.01 NOTE
r-devel-windows-x86_64 0.9.0 10.00 83.00 93.00 OK
r-patched-linux-x86_64 0.9.0 8.09 80.30 88.39 OK
r-release-linux-x86_64 0.9.0 7.87 78.57 86.44 OK
r-release-macos-arm64 0.9.0 38.00 OK
r-release-macos-x86_64 0.9.0 52.00 OK
r-release-windows-x86_64 0.9.0 12.00 78.00 90.00 OK
r-oldrel-macos-arm64 0.9.0 42.00 OK
r-oldrel-macos-x86_64 0.9.0 78.00 OK
r-oldrel-windows-x86_64 0.9.0 14.00 94.00 108.00 OK

Check Details

Version: 0.9.0
Check: data for non-ASCII characters
Result: NOTE Note: found 53 marked UTF-8 strings Flavors: r-devel-linux-x86_64-fedora-clang, r-devel-linux-x86_64-fedora-gcc