CRAN Package Check Results for Package airr

Last updated on 2022-01-26 05:54:07 CET.

Flavor Version Tinstall Tcheck Ttotal Status Flags
r-devel-linux-x86_64-debian-clang 1.3.0 3.65 59.00 62.65 NOTE
r-devel-linux-x86_64-debian-gcc 1.3.0 3.30 45.24 48.54 NOTE
r-devel-linux-x86_64-fedora-clang 1.3.0 78.59 NOTE
r-devel-linux-x86_64-fedora-gcc 1.3.0 65.27 NOTE
r-devel-windows-x86_64-new-UL 1.3.0 29.00 99.00 128.00 NOTE
r-devel-windows-x86_64-new-TK 1.3.0 NOTE
r-patched-linux-x86_64 1.3.0 3.33 55.02 58.35 NOTE
r-release-linux-x86_64 1.3.0 3.99 54.17 58.16 NOTE
r-release-macos-arm64 1.3.0 NOTE
r-release-macos-x86_64 1.3.0 NOTE
r-release-windows-ix86+x86_64 1.3.0 9.00 74.00 83.00 NOTE
r-oldrel-macos-x86_64 1.3.0 OK
r-oldrel-windows-ix86+x86_64 1.3.0 10.00 73.00 83.00 OK

Check Details

Version: 1.3.0
Check: LazyData
Result: NOTE
     'LazyData' is specified without a 'data' directory
Flavors: r-devel-linux-x86_64-debian-clang, r-devel-linux-x86_64-debian-gcc, r-devel-linux-x86_64-fedora-clang, r-devel-linux-x86_64-fedora-gcc, r-devel-windows-x86_64-new-UL, r-devel-windows-x86_64-new-TK, r-patched-linux-x86_64, r-release-linux-x86_64, r-release-macos-arm64, r-release-macos-x86_64, r-release-windows-ix86+x86_64