CRAN Package Check Results for Package akima

Last updated on 2022-01-27 05:55:45 CET.

Flavor Version Tinstall Tcheck Ttotal Status Flags
r-devel-linux-x86_64-debian-clang 0.6-2.3 12.22 47.70 59.92 OK
r-devel-linux-x86_64-debian-gcc 0.6-2.3 8.73 36.86 45.59 OK
r-devel-linux-x86_64-fedora-clang 0.6-2.3 73.48 NOTE
r-devel-linux-x86_64-fedora-gcc 0.6-2.3 62.73 OK
r-devel-windows-x86_64-new-UL 0.6-2.3 33.00 72.00 105.00 OK
r-devel-windows-x86_64-new-TK 0.6-2.3 OK
r-patched-linux-x86_64 0.6-2.3 11.48 44.86 56.34 OK
r-release-linux-x86_64 0.6-2.3 10.79 45.26 56.05 OK
r-release-macos-arm64 0.6-2.3 OK
r-release-macos-x86_64 0.6-2.3 OK
r-release-windows-ix86+x86_64 0.6-2.3 33.00 73.00 106.00 OK
r-oldrel-macos-x86_64 0.6-2.3 OK
r-oldrel-windows-ix86+x86_64 0.6-2.3 32.00 71.00 103.00 OK

Check Details

Version: 0.6-2.3
Check: Rd cross-references
Result: NOTE
    Undeclared package ‘tripack’ in Rd xrefs
Flavor: r-devel-linux-x86_64-fedora-clang