CRAN Package Check Results for Package anocva

Last updated on 2024-06-24 06:49:06 CEST.

Flavor Version Tinstall Tcheck Ttotal Status Flags
r-devel-linux-x86_64-debian-clang 0.1.1 1.61 29.52 31.13 NOTE
r-devel-linux-x86_64-debian-gcc 0.1.1 1.69 22.46 24.15 NOTE
r-devel-linux-x86_64-fedora-clang 0.1.1 39.45 NOTE
r-devel-linux-x86_64-fedora-gcc 0.1.1 37.32 NOTE
r-devel-windows-x86_64 0.1.1 3.00 45.00 48.00 NOTE
r-patched-linux-x86_64 0.1.1 2.42 28.06 30.48 NOTE
r-release-linux-x86_64 0.1.1 2.32 28.50 30.82 NOTE
r-release-macos-arm64 0.1.1 17.00 NOTE
r-release-macos-x86_64 0.1.1 25.00 NOTE
r-release-windows-x86_64 0.1.1 3.00 45.00 48.00 NOTE
r-oldrel-macos-arm64 0.1.1 20.00 OK
r-oldrel-macos-x86_64 0.1.1 27.00 OK
r-oldrel-windows-x86_64 0.1.1 4.00 48.00 52.00 OK

Check Details

Version: 0.1.1
Check: Rd files
Result: NOTE checkRd: (-1) anocva.Rd:16: Lost braces; missing escapes or markup? 16 | \item{id}{A list in range {1,2,...,n}, where id[i] identifies the population id for the i-th subject.} | ^ checkRd: (-1) anocva.Rd:20: Lost braces; missing escapes or markup? 20 | \item{r}{The optimal number of clusters. If NULL, then it will be estimated by the slope criterion in the interval {2..20}.} | ^ checkRd: (-1) anocvaStats.Rd:14: Lost braces; missing escapes or markup? 14 | \item{id}{A list in range {1,2,...,n}, where id[i] identifies the population id for i-th subject.} | ^ checkRd: (-1) checkNClust.Rd:5: Lost braces; missing escapes or markup? 5 | \title{If the number of clusters has not been set, estimates it by using Slope criterion in the range {2, 20}.} | ^ checkRd: (-1) checkNClust.Rd:24: Lost braces; missing escapes or markup? 24 | If the number of clusters has not been set, estimates it by using Slope criterion in the range {2, 20}. | ^ checkRd: (-1) checkRange01.Rd:5: Lost braces; missing escapes or markup? 5 | \title{Check for {0,1} Interval Normalization.} | ^ checkRd: (-1) checkRange01.Rd:16: Lost braces; missing escapes or markup? 16 | Verifies if the data is normalized in the range {0,1}. | ^ checkRd: (-1) checkRange01.Rd:13: Lost braces; missing escapes or markup? 13 | The data matrix normalized in the range {0,1}. | ^ checkRd: (-1) nClust.Rd:26: Lost braces; missing escapes or markup? 26 | verified in the range {2,..., maxClust}. | ^ checkRd: (-1) nClustMulti.Rd:26: Lost braces; missing escapes or markup? 26 | verified in the range {2,..., maxClust}. Takes the mean of all samples in order to perform the estimation. | ^ checkRd: (-1) optimalSlope.Rd:6: Lost braces; missing escapes or markup? 6 | The optimal number of clusters will be verified in the range {2,..., maxClust}.} | ^ checkRd: (-1) optimalSlope.Rd:22: Lost braces; missing escapes or markup? 22 | The optimal number of clusters will be verified in the range {2,..., maxClust}. | ^ Flavors: r-devel-linux-x86_64-debian-clang, r-devel-linux-x86_64-debian-gcc, r-devel-linux-x86_64-fedora-clang, r-devel-linux-x86_64-fedora-gcc, r-devel-windows-x86_64, r-patched-linux-x86_64, r-release-linux-x86_64, r-release-macos-arm64, r-release-macos-x86_64, r-release-windows-x86_64