CRAN Package Check Results for Package antaresViz

Last updated on 2022-01-22 05:10:09 CET.

Flavor Version Tinstall Tcheck Ttotal Status Flags
r-devel-linux-x86_64-debian-clang 0.17 40.56 477.02 517.58 OK
r-devel-linux-x86_64-debian-gcc 0.17 32.39 419.86 452.25 OK
r-devel-linux-x86_64-fedora-clang 0.17 568.71 OK
r-devel-linux-x86_64-fedora-gcc 0.17 559.69 OK
r-devel-windows-x86_64-new-UL 0.17 264.00 455.00 719.00 OK
r-devel-windows-x86_64-new-TK 0.17 OK
r-patched-linux-x86_64 0.17 44.63 442.07 486.70 OK
r-release-linux-x86_64 0.17 36.82 447.45 484.27 OK
r-release-macos-arm64 0.17 ERROR
r-release-macos-x86_64 0.17 OK
r-release-windows-ix86+x86_64 0.17 133.00 488.00 621.00 OK
r-oldrel-macos-x86_64 0.17 OK
r-oldrel-windows-ix86+x86_64 0.17 104.00 517.00 621.00 OK

Check Details

Version: 0.17
Check: whether package can be installed
Result: WARN
    Found the following significant warnings:
     Warning: multiple methods tables found for ‘direction’
     Warning: multiple methods tables found for ‘gridDistance’
Flavor: r-release-macos-arm64

Version: 0.17
Check: tests
Result: ERROR
     Running ‘testthat.R’ [21s/31s]
    Running the tests in ‘tests/testthat.R’ failed.
    Last 13 lines of output:
     `expected` is a logical vector (TRUE)
     ── Failure (test-prodStack.R:456:3): prodStack must work with refStudy, if interactive is set to TRUE and if x is a list of antaresDataList and refStudy an antaresDataList , ──
     isTRUE(...) is not TRUE
    
     `actual`: FALSE
     `expected`: TRUE
     ── Failure (test-prodStack.R:470:3): prodStack must work with refStudy, if interactive is set to TRUE and if x is a list of antaresDataList and refStudy an antaresDataList , ──
     all.equal(...) is not TRUE
    
     `actual` is a character vector ('Mean absolute difference: 2500')
     `expected` is a logical vector (TRUE)
    
     [ FAIL 12 | WARN 1 | SKIP 13 | PASS 290 ]
     Error: Test failures
     Execution halted
Flavor: r-release-macos-arm64