CRAN Package Check Results for Package apex

Last updated on 2022-10-06 05:59:21 CEST.

Flavor Version Tinstall Tcheck Ttotal Status Flags
r-devel-linux-x86_64-debian-clang 1.0.4 19.41 173.74 193.15 NOTE
r-devel-linux-x86_64-debian-gcc 1.0.4 15.31 126.48 141.79 NOTE
r-devel-linux-x86_64-fedora-clang 1.0.4 258.56 NOTE
r-devel-linux-x86_64-fedora-gcc 1.0.4 243.46 NOTE
r-devel-windows-x86_64 1.0.4 31.00 200.00 231.00 NOTE
r-patched-linux-x86_64 1.0.4 22.28 157.58 179.86 NOTE
r-release-linux-x86_64 1.0.4 19.02 161.92 180.94 NOTE
r-release-macos-arm64 1.0.4 57.00 NOTE
r-release-macos-x86_64 1.0.4 89.00 NOTE
r-release-windows-x86_64 1.0.4 37.00 191.00 228.00 NOTE
r-oldrel-macos-arm64 1.0.4 91.00 NOTE
r-oldrel-macos-x86_64 1.0.4 154.00 NOTE
r-oldrel-windows-ix86+x86_64 1.0.4 8.00 18.00 26.00 ERROR

Check Details

Version: 1.0.4
Check: LazyData
Result: NOTE
     'LazyData' is specified without a 'data' directory
Flavors: r-devel-linux-x86_64-debian-clang, r-devel-linux-x86_64-debian-gcc, r-devel-linux-x86_64-fedora-clang, r-devel-linux-x86_64-fedora-gcc, r-devel-windows-x86_64, r-patched-linux-x86_64, r-release-linux-x86_64, r-release-macos-arm64, r-release-macos-x86_64, r-release-windows-x86_64, r-oldrel-macos-arm64, r-oldrel-macos-x86_64

Version: 1.0.4
Check: whether package can be installed
Result: ERROR
    Installation failed.
Flavor: r-oldrel-windows-ix86+x86_64