CRAN Package Check Results for Package apexcharter

Last updated on 2019-10-19 05:47:14 CEST.

Flavor Version Tinstall Tcheck Ttotal Status Flags
r-devel-linux-x86_64-debian-clang 0.1.2 4.50 55.98 60.48 OK
r-devel-linux-x86_64-debian-gcc 0.1.2 3.88 44.13 48.01 OK
r-devel-linux-x86_64-fedora-clang 0.1.2 73.90 NOTE
r-devel-linux-x86_64-fedora-gcc 0.1.2 71.52 NOTE
r-devel-windows-ix86+x86_64 0.1.2 20.00 115.00 135.00 OK
r-patched-linux-x86_64 0.1.2 4.47 54.23 58.70 OK
r-patched-solaris-x86 0.1.2 106.40 WARN
r-release-linux-x86_64 0.1.2 4.39 54.57 58.96 OK
r-release-windows-ix86+x86_64 0.1.2 10.00 82.00 92.00 OK
r-release-osx-x86_64 0.1.2 WARN
r-oldrel-windows-ix86+x86_64 0.1.2 9.00 77.00 86.00 OK
r-oldrel-osx-x86_64 0.1.2 WARN

Check Details

Version: 0.1.2
Check: dependencies in R code
Result: NOTE
    Namespace in Imports field not imported from: ‘scales’
     All declared Imports should be used.
Flavors: r-devel-linux-x86_64-fedora-clang, r-devel-linux-x86_64-fedora-gcc, r-patched-solaris-x86, r-release-osx-x86_64, r-oldrel-osx-x86_64

Version: 0.1.2
Check: data for non-ASCII characters
Result: NOTE
     Note: found 230 marked UTF-8 strings
Flavors: r-devel-linux-x86_64-fedora-clang, r-devel-linux-x86_64-fedora-gcc, r-patched-solaris-x86, r-release-osx-x86_64, r-oldrel-osx-x86_64

Version: 0.1.2
Check: re-building of vignette outputs
Result: WARN
    Error(s) in re-building vignettes:
     ...
    --- re-building ‘labs.Rmd’ using rmarkdown
    Warning in engine$weave(file, quiet = quiet, encoding = enc) :
     Pandoc (>= 1.12.3) and/or pandoc-citeproc not available. Falling back to R Markdown v1.
    
    Attaching package: 'dplyr'
    
    The following objects are masked from 'package:stats':
    
     filter, lag
    
    The following objects are masked from 'package:base':
    
     intersect, setdiff, setequal, union
    
    Quitting from lines 32-34 (labs.Rmd)
    Error: processing vignette 'labs.Rmd' failed with diagnostics:
    there is no package called 'webshot'
    --- failed re-building ‘labs.Rmd’
    
    --- re-building ‘lines.Rmd’ using rmarkdown
    Warning in engine$weave(file, quiet = quiet, encoding = enc) :
     Pandoc (>= 1.12.3) and/or pandoc-citeproc not available. Falling back to R Markdown v1.
    
    Attaching package: 'dplyr'
    
    The following objects are masked from 'package:stats':
    
     filter, lag
    
    The following objects are masked from 'package:base':
    
     intersect, setdiff, setequal, union
    
    Quitting from lines 39-40 (lines.Rmd)
    Error: processing vignette 'lines.Rmd' failed with diagnostics:
    there is no package called 'webshot'
    --- failed re-building ‘lines.Rmd’
    
    --- re-building ‘starting-with-apexcharts.Rmd’ using rmarkdown
    Warning in engine$weave(file, quiet = quiet, encoding = enc) :
     Pandoc (>= 1.12.3) and/or pandoc-citeproc not available. Falling back to R Markdown v1.
    
    Attaching package: 'dplyr'
    
    The following objects are masked from 'package:stats':
    
     filter, lag
    
    The following objects are masked from 'package:base':
    
     intersect, setdiff, setequal, union
    
    Quitting from lines 36-40 (starting-with-apexcharts.Rmd)
    Error: processing vignette 'starting-with-apexcharts.Rmd' failed with diagnostics:
    there is no package called 'webshot'
    --- failed re-building ‘starting-with-apexcharts.Rmd’
    
    SUMMARY: processing the following files failed:
     ‘labs.Rmd’ ‘lines.Rmd’ ‘starting-with-apexcharts.Rmd’
    
    Error: Vignette re-building failed.
    Execution halted
Flavor: r-patched-solaris-x86

Version: 0.1.2
Check: re-building of vignette outputs
Result: WARN
    Error(s) in re-building vignettes:
    --- re-building ‘labs.Rmd’ using rmarkdown
    Warning in engine$weave(file, quiet = quiet, encoding = enc) :
     Pandoc (>= 1.12.3) and/or pandoc-citeproc not available. Falling back to R Markdown v1.
    
    Attaching package: 'dplyr'
    
    The following objects are masked from 'package:stats':
    
     filter, lag
    
    The following objects are masked from 'package:base':
    
     intersect, setdiff, setequal, union
    
    Quitting from lines 32-34 (labs.Rmd)
    Error: processing vignette 'labs.Rmd' failed with diagnostics:
    cannot open the connection
    --- failed re-building ‘labs.Rmd’
    
    --- re-building ‘lines.Rmd’ using rmarkdown
    Warning in engine$weave(file, quiet = quiet, encoding = enc) :
     Pandoc (>= 1.12.3) and/or pandoc-citeproc not available. Falling back to R Markdown v1.
    
    Attaching package: 'dplyr'
    
    The following objects are masked from 'package:stats':
    
     filter, lag
    
    The following objects are masked from 'package:base':
    
     intersect, setdiff, setequal, union
    
    Quitting from lines 39-40 (lines.Rmd)
    Error: processing vignette 'lines.Rmd' failed with diagnostics:
    cannot open the connection
    --- failed re-building ‘lines.Rmd’
    
    --- re-building ‘starting-with-apexcharts.Rmd’ using rmarkdown
    Warning in engine$weave(file, quiet = quiet, encoding = enc) :
     Pandoc (>= 1.12.3) and/or pandoc-citeproc not available. Falling back to R Markdown v1.
    
    Attaching package: 'dplyr'
    
    The following objects are masked from 'package:stats':
    
     filter, lag
    
    The following objects are masked from 'package:base':
    
     intersect, setdiff, setequal, union
    
    Quitting from lines 36-40 (starting-with-apexcharts.Rmd)
    Error: processing vignette 'starting-with-apexcharts.Rmd' failed with diagnostics:
    cannot open the connection
    --- failed re-building ‘starting-with-apexcharts.Rmd’
    
    SUMMARY: processing the following files failed:
     ‘labs.Rmd’ ‘lines.Rmd’ ‘starting-with-apexcharts.Rmd’
    
    Error: Vignette re-building failed.
    Execution halted
Flavor: r-release-osx-x86_64

Version: 0.1.2
Check: re-building of vignette outputs
Result: WARN
    Error in re-building vignettes:
     ...
    Warning in engine$weave(file, quiet = quiet, encoding = enc) :
     Pandoc (>= 1.12.3) and/or pandoc-citeproc not available. Falling back to R Markdown v1.
    
    Attaching package: 'dplyr'
    
    The following objects are masked from 'package:stats':
    
     filter, lag
    
    The following objects are masked from 'package:base':
    
     intersect, setdiff, setequal, union
    
    Quitting from lines 32-34 (labs.Rmd)
    Error: processing vignette 'labs.Rmd' failed with diagnostics:
    cannot open the connection
    Execution halted
Flavor: r-oldrel-osx-x86_64