CRAN Package Check Results for Package aphid

Last updated on 2024-06-21 06:58:08 CEST.

Flavor Version Tinstall Tcheck Ttotal Status Flags
r-devel-linux-x86_64-debian-clang 1.3.5 52.60 116.46 169.06 NOTE
r-devel-linux-x86_64-debian-gcc 1.3.5 42.85 83.48 126.33 NOTE
r-devel-linux-x86_64-fedora-clang 1.3.5 226.22 NOTE
r-devel-linux-x86_64-fedora-gcc 1.3.5 236.77 NOTE
r-devel-windows-x86_64 1.3.5 45.00 117.00 162.00 NOTE
r-patched-linux-x86_64 1.3.5 52.64 108.58 161.22 NOTE
r-release-linux-x86_64 1.3.5 50.96 108.81 159.77 NOTE
r-release-macos-arm64 1.3.5 57.00 NOTE
r-release-macos-x86_64 1.3.5 73.00 NOTE
r-release-windows-x86_64 1.3.5 46.00 119.00 165.00 NOTE
r-oldrel-macos-arm64 1.3.5 63.00 NOTE
r-oldrel-macos-x86_64 1.3.5 112.00 NOTE
r-oldrel-windows-x86_64 1.3.5 57.00 140.00 197.00 NOTE

Check Details

Version: 1.3.5
Check: C++ specification
Result: NOTE Specified C++11: please drop specification unless essential Flavors: r-devel-linux-x86_64-debian-clang, r-devel-linux-x86_64-debian-gcc, r-devel-linux-x86_64-fedora-clang, r-devel-linux-x86_64-fedora-gcc, r-devel-windows-x86_64, r-patched-linux-x86_64, r-release-linux-x86_64, r-release-macos-arm64, r-release-macos-x86_64, r-release-windows-x86_64, r-oldrel-macos-arm64, r-oldrel-macos-x86_64, r-oldrel-windows-x86_64