CRAN Package Check Results for Package archeofrag

Last updated on 2024-06-13 06:57:54 CEST.

Flavor Version Tinstall Tcheck Ttotal Status Flags
r-devel-linux-x86_64-debian-clang 0.8.2 7.36 205.84 213.20 OK
r-devel-linux-x86_64-debian-gcc 0.8.2 0.37 1.84 2.21 ERROR
r-devel-linux-x86_64-fedora-clang 0.8.2 254.91 OK
r-devel-linux-x86_64-fedora-gcc 0.8.2 264.76 OK
r-devel-windows-x86_64 0.8.2 6.00 150.00 156.00 OK
r-patched-linux-x86_64 0.8.2 6.69 194.35 201.04 OK
r-release-linux-x86_64 0.8.2 6.84 199.33 206.17 OK
r-release-macos-arm64 0.8.2 70.00 OK
r-release-macos-x86_64 0.8.2 114.00 OK
r-release-windows-x86_64 0.8.2 6.00 148.00 154.00 OK
r-oldrel-macos-arm64 0.8.2 75.00 OK
r-oldrel-macos-x86_64 0.8.2 119.00 OK
r-oldrel-windows-x86_64 0.8.2 8.00 187.00 195.00 OK

Additional issues

noSuggests

Check Details

Version: 0.8.2
Check: package dependencies
Result: ERROR Package required but not available: ‘igraph’ Package suggested but not available for checking: ‘testthat’ See section ‘The DESCRIPTION file’ in the ‘Writing R Extensions’ manual. Flavor: r-devel-linux-x86_64-debian-gcc