CRAN Package Check Results for Package aricode

Last updated on 2022-08-12 05:52:41 CEST.

Flavor Version Tinstall Tcheck Ttotal Status Flags
r-devel-linux-x86_64-debian-clang 1.0.0 24.94 74.53 99.47 WARN
r-devel-linux-x86_64-debian-gcc 1.0.0 19.03 57.24 76.27 NOTE
r-devel-linux-x86_64-fedora-clang 1.0.0 139.58 WARN
r-devel-linux-x86_64-fedora-gcc 1.0.0 130.94 NOTE
r-devel-windows-x86_64 1.0.0 29.00 116.00 145.00 NOTE
r-patched-linux-x86_64 1.0.0 21.42 71.97 93.39 NOTE
r-release-linux-x86_64 1.0.0 20.11 71.80 91.91 NOTE
r-release-macos-arm64 1.0.0 36.00 NOTE
r-release-macos-x86_64 1.0.0 54.00 NOTE
r-release-windows-x86_64 1.0.0 32.00 115.00 147.00 NOTE
r-oldrel-macos-arm64 1.0.0 40.00 NOTE
r-oldrel-macos-x86_64 1.0.0 77.00 NOTE
r-oldrel-windows-ix86+x86_64 1.0.0 60.00 136.00 196.00 NOTE

Additional issues

clang14 clang-UBSAN

Check Details

Version: 1.0.0
Check: whether package can be installed
Result: WARN
    Found the following significant warnings:
     aricode.cpp:22:9: warning: use of bitwise '|' with boolean operands [-Wbitwise-instead-of-logical]
     aricode.cpp:41:9: warning: use of bitwise '&' with boolean operands [-Wbitwise-instead-of-logical]
Flavors: r-devel-linux-x86_64-debian-clang, r-devel-linux-x86_64-fedora-clang

Version: 1.0.0
Check: LazyData
Result: NOTE
     'LazyData' is specified without a 'data' directory
Flavors: r-devel-linux-x86_64-debian-clang, r-devel-linux-x86_64-debian-gcc, r-devel-linux-x86_64-fedora-clang, r-devel-linux-x86_64-fedora-gcc, r-devel-windows-x86_64, r-patched-linux-x86_64, r-release-linux-x86_64, r-release-macos-arm64, r-release-macos-x86_64, r-release-windows-x86_64, r-oldrel-macos-arm64, r-oldrel-macos-x86_64, r-oldrel-windows-ix86+x86_64