CRAN Package Check Results for Package arkdb

Last updated on 2022-01-16 05:51:13 CET.

Flavor Version Tinstall Tcheck Ttotal Status Flags
r-devel-linux-x86_64-debian-clang 0.0.14 3.08 302.37 305.45 NOTE
r-devel-linux-x86_64-debian-gcc 0.0.14 2.61 251.72 254.33 NOTE
r-devel-linux-x86_64-fedora-clang 0.0.14 373.23 NOTE
r-devel-linux-x86_64-fedora-gcc 0.0.14 360.44 NOTE
r-devel-windows-x86_64-new-UL 0.0.14 36.00 344.00 380.00 NOTE
r-devel-windows-x86_64-new-TK 0.0.14 NOTE
r-patched-linux-x86_64 0.0.14 3.62 302.54 306.16 NOTE
r-release-linux-x86_64 0.0.14 NOTE
r-release-macos-arm64 0.0.14 NOTE
r-release-macos-x86_64 0.0.14 NOTE
r-release-windows-ix86+x86_64 0.0.14 10.00 362.00 372.00 NOTE
r-oldrel-macos-x86_64 0.0.14 NOTE
r-oldrel-windows-ix86+x86_64 0.0.14 6.00 350.00 356.00 NOTE

Check Details

Version: 0.0.14
Check: package dependencies
Result: NOTE
    Package suggested but not available for checking: 'MonetDBLite'
Flavors: r-devel-linux-x86_64-debian-clang, r-devel-linux-x86_64-debian-gcc, r-devel-linux-x86_64-fedora-clang, r-devel-linux-x86_64-fedora-gcc, r-devel-windows-x86_64-new-UL, r-devel-windows-x86_64-new-TK, r-patched-linux-x86_64, r-release-linux-x86_64, r-release-macos-arm64, r-release-macos-x86_64, r-release-windows-ix86+x86_64, r-oldrel-macos-x86_64, r-oldrel-windows-ix86+x86_64