CRAN Package Check Results for Package armspp

Last updated on 2024-06-21 06:58:09 CEST.

Flavor Version Tinstall Tcheck Ttotal Status Flags
r-devel-linux-x86_64-debian-clang 0.0.2 42.30 37.31 79.61 NOTE
r-devel-linux-x86_64-debian-gcc 0.0.2 27.04 29.16 56.20 NOTE
r-devel-linux-x86_64-fedora-clang 0.0.2 116.54 NOTE
r-devel-linux-x86_64-fedora-gcc 0.0.2 121.54 NOTE
r-devel-windows-x86_64 0.0.2 31.00 68.00 99.00 NOTE
r-patched-linux-x86_64 0.0.2 34.40 36.64 71.04 NOTE
r-release-linux-x86_64 0.0.2 33.41 36.80 70.21 NOTE
r-release-macos-arm64 0.0.2 33.00 NOTE
r-release-macos-x86_64 0.0.2 59.00 NOTE
r-release-windows-x86_64 0.0.2 29.00 70.00 99.00 NOTE
r-oldrel-macos-arm64 0.0.2 37.00 NOTE
r-oldrel-macos-x86_64 0.0.2 59.00 NOTE
r-oldrel-windows-x86_64 0.0.2 29.00 77.00 106.00 NOTE

Check Details

Version: 0.0.2
Check: C++ specification
Result: NOTE Specified C++11: please drop specification unless essential Flavors: r-devel-linux-x86_64-debian-clang, r-devel-linux-x86_64-debian-gcc, r-devel-linux-x86_64-fedora-clang, r-devel-linux-x86_64-fedora-gcc, r-devel-windows-x86_64, r-patched-linux-x86_64, r-release-linux-x86_64, r-release-macos-arm64, r-release-macos-x86_64, r-release-windows-x86_64, r-oldrel-macos-arm64, r-oldrel-macos-x86_64, r-oldrel-windows-x86_64

Version: 0.0.2
Check: LazyData
Result: NOTE 'LazyData' is specified without a 'data' directory Flavors: r-devel-linux-x86_64-debian-clang, r-devel-linux-x86_64-debian-gcc, r-devel-linux-x86_64-fedora-clang, r-devel-linux-x86_64-fedora-gcc, r-devel-windows-x86_64, r-patched-linux-x86_64, r-release-linux-x86_64, r-release-macos-arm64, r-release-macos-x86_64, r-release-windows-x86_64, r-oldrel-macos-arm64, r-oldrel-macos-x86_64, r-oldrel-windows-x86_64