CRAN Package Check Results for Package arrApply

Last updated on 2024-06-22 06:50:38 CEST.

Flavor Version Tinstall Tcheck Ttotal Status Flags
r-devel-linux-x86_64-debian-clang 2.2 39.19 29.96 69.15 NOTE
r-devel-linux-x86_64-debian-gcc 2.2 28.96 22.98 51.94 NOTE
r-devel-linux-x86_64-fedora-clang 2.2 100.97 NOTE
r-devel-linux-x86_64-fedora-gcc 2.2 100.60 NOTE
r-devel-windows-x86_64 2.2 32.00 64.00 96.00 NOTE
r-patched-linux-x86_64 2.2 31.60 28.64 60.24 NOTE
r-release-linux-x86_64 2.2 34.54 29.22 63.76 NOTE
r-release-macos-arm64 2.2 26.00 NOTE
r-release-macos-x86_64 2.2 37.00 NOTE
r-release-windows-x86_64 2.2 33.00 60.00 93.00 NOTE
r-oldrel-macos-arm64 2.2 29.00 NOTE
r-oldrel-macos-x86_64 2.2 46.00 NOTE
r-oldrel-windows-x86_64 2.2 39.00 69.00 108.00 NOTE

Check Details

Version: 2.2
Check: C++ specification
Result: NOTE Specified C++11: please drop specification unless essential Flavors: r-devel-linux-x86_64-debian-clang, r-devel-linux-x86_64-debian-gcc, r-devel-linux-x86_64-fedora-clang, r-devel-linux-x86_64-fedora-gcc, r-devel-windows-x86_64, r-patched-linux-x86_64, r-release-linux-x86_64, r-release-macos-arm64, r-release-macos-x86_64, r-release-windows-x86_64, r-oldrel-macos-arm64, r-oldrel-macos-x86_64, r-oldrel-windows-x86_64