CRAN Package Check Results for Package assertive.base

Last updated on 2021-12-03 05:51:50 CET.

Flavor Version Tinstall Tcheck Ttotal Status Flags
r-devel-linux-x86_64-debian-clang 0.0-9 2.88 27.74 30.62 NOTE
r-devel-linux-x86_64-debian-gcc 0.0-9 1.95 21.99 23.94 NOTE
r-devel-linux-x86_64-fedora-clang 0.0-9 49.82 NOTE
r-devel-linux-x86_64-fedora-gcc 0.0-9 38.43 NOTE
r-devel-windows-x86_64-new-UL 0.0-9 10.00 63.00 73.00 NOTE
r-devel-windows-x86_64-new-TK 0.0-9 NOTE
r-devel-windows-x86_64-old 0.0-9 5.00 36.00 41.00 NOTE
r-patched-linux-x86_64 0.0-9 2.95 26.85 29.80 NOTE
r-patched-solaris-x86 0.0-9 58.40 NOTE
r-release-linux-x86_64 0.0-9 2.63 26.80 29.43 NOTE
r-release-macos-arm64 0.0-9 NOTE
r-release-macos-x86_64 0.0-9 NOTE
r-release-windows-ix86+x86_64 0.0-9 7.00 45.00 52.00 NOTE
r-oldrel-macos-x86_64 0.0-9 OK
r-oldrel-windows-ix86+x86_64 0.0-9 16.00 47.00 63.00 OK

Check Details

Version: 0.0-9
Check: LazyData
Result: NOTE
     'LazyData' is specified without a 'data' directory
Flavors: r-devel-linux-x86_64-debian-clang, r-devel-linux-x86_64-debian-gcc, r-devel-linux-x86_64-fedora-clang, r-devel-linux-x86_64-fedora-gcc, r-devel-windows-x86_64-new-UL, r-devel-windows-x86_64-new-TK, r-devel-windows-x86_64-old, r-patched-linux-x86_64, r-patched-solaris-x86, r-release-linux-x86_64, r-release-macos-arm64, r-release-macos-x86_64, r-release-windows-ix86+x86_64

Version: 0.0-9
Check: Rd cross-references
Result: NOTE
    Undeclared packages ‘assertive.properties’, ‘assertive.types’ in Rd xrefs
Flavor: r-devel-linux-x86_64-fedora-clang