CRAN Package Check Results for Package assertive.code

Last updated on 2022-01-21 05:52:02 CET.

Flavor Version Tinstall Tcheck Ttotal Status Flags
r-devel-linux-x86_64-debian-clang 0.0-3 NOTE
r-devel-linux-x86_64-debian-gcc 0.0-3 1.41 27.59 29.00 NOTE
r-devel-linux-x86_64-fedora-clang 0.0-3 47.53 NOTE
r-devel-linux-x86_64-fedora-gcc 0.0-3 35.22 NOTE
r-devel-windows-x86_64-new-UL 0.0-3 42.00 60.00 102.00 NOTE
r-devel-windows-x86_64-new-TK 0.0-3 NOTE
r-patched-linux-x86_64 0.0-3 2.56 34.40 36.96 NOTE
r-release-linux-x86_64 0.0-3 2.23 33.66 35.89 NOTE
r-release-macos-arm64 0.0-3 NOTE
r-release-macos-x86_64 0.0-3 NOTE
r-release-windows-ix86+x86_64 0.0-3 5.00 43.00 48.00 NOTE
r-oldrel-macos-x86_64 0.0-3 OK
r-oldrel-windows-ix86+x86_64 0.0-3 5.00 48.00 53.00 OK

Check Details

Version: 0.0-3
Check: LazyData
Result: NOTE
     'LazyData' is specified without a 'data' directory
Flavors: r-devel-linux-x86_64-debian-clang, r-devel-linux-x86_64-debian-gcc, r-devel-linux-x86_64-fedora-clang, r-devel-linux-x86_64-fedora-gcc, r-devel-windows-x86_64-new-UL, r-devel-windows-x86_64-new-TK, r-patched-linux-x86_64, r-release-linux-x86_64, r-release-macos-arm64, r-release-macos-x86_64, r-release-windows-ix86+x86_64