CRAN Package Check Results for Package assertive.datetimes

Last updated on 2022-01-20 05:50:15 CET.

Flavor Version Tinstall Tcheck Ttotal Status Flags
r-devel-linux-x86_64-debian-clang 0.0-3 NOTE
r-devel-linux-x86_64-debian-gcc 0.0-3 1.68 26.00 27.68 NOTE
r-devel-linux-x86_64-fedora-clang 0.0-3 44.19 NOTE
r-devel-linux-x86_64-fedora-gcc 0.0-3 32.97 NOTE
r-devel-windows-x86_64-new-UL 0.0-3 52.00 50.00 102.00 NOTE
r-devel-windows-x86_64-new-TK 0.0-3 NOTE
r-patched-linux-x86_64 0.0-3 1.91 31.90 33.81 NOTE
r-release-linux-x86_64 0.0-3 NOTE
r-release-macos-arm64 0.0-3 NOTE
r-release-macos-x86_64 0.0-3 NOTE
r-release-windows-ix86+x86_64 0.0-3 5.00 42.00 47.00 NOTE
r-oldrel-macos-x86_64 0.0-3 OK
r-oldrel-windows-ix86+x86_64 0.0-3 6.00 42.00 48.00 OK

Check Details

Version: 0.0-3
Check: LazyData
Result: NOTE
     'LazyData' is specified without a 'data' directory
Flavors: r-devel-linux-x86_64-debian-clang, r-devel-linux-x86_64-debian-gcc, r-devel-linux-x86_64-fedora-clang, r-devel-linux-x86_64-fedora-gcc, r-devel-windows-x86_64-new-UL, r-devel-windows-x86_64-new-TK, r-patched-linux-x86_64, r-release-linux-x86_64, r-release-macos-arm64, r-release-macos-x86_64, r-release-windows-ix86+x86_64