CRAN Package Check Results for Package assertive

Last updated on 2022-01-22 05:10:09 CET.

Flavor Version Tinstall Tcheck Ttotal Status Flags
r-devel-linux-x86_64-debian-clang 0.3-6 3.95 48.66 52.61 NOTE
r-devel-linux-x86_64-debian-gcc 0.3-6 3.34 37.63 40.97 NOTE
r-devel-linux-x86_64-fedora-clang 0.3-6 64.80 NOTE
r-devel-linux-x86_64-fedora-gcc 0.3-6 54.62 NOTE
r-devel-windows-x86_64-new-UL 0.3-6 128.00 100.00 228.00 NOTE
r-devel-windows-x86_64-new-TK 0.3-6 NOTE
r-patched-linux-x86_64 0.3-6 5.72 45.52 51.24 NOTE
r-release-linux-x86_64 0.3-6 4.01 44.80 48.81 NOTE
r-release-macos-arm64 0.3-6 NOTE
r-release-macos-x86_64 0.3-6 NOTE
r-release-windows-ix86+x86_64 0.3-6 10.00 59.00 69.00 NOTE
r-oldrel-macos-x86_64 0.3-6 OK
r-oldrel-windows-ix86+x86_64 0.3-6 10.00 62.00 72.00 OK

Check Details

Version: 0.3-6
Check: LazyData
Result: NOTE
     'LazyData' is specified without a 'data' directory
Flavors: r-devel-linux-x86_64-debian-clang, r-devel-linux-x86_64-debian-gcc, r-devel-linux-x86_64-fedora-clang, r-devel-linux-x86_64-fedora-gcc, r-devel-windows-x86_64-new-UL, r-devel-windows-x86_64-new-TK, r-patched-linux-x86_64, r-release-linux-x86_64, r-release-macos-arm64, r-release-macos-x86_64, r-release-windows-ix86+x86_64