CRAN Package Check Results for Package assertive.properties

Last updated on 2021-12-07 05:54:57 CET.

Flavor Version Tinstall Tcheck Ttotal Status Flags
r-devel-linux-x86_64-debian-clang 0.0-4 2.78 37.39 40.17 NOTE
r-devel-linux-x86_64-debian-gcc 0.0-4 2.03 29.80 31.83 NOTE
r-devel-linux-x86_64-fedora-clang 0.0-4 51.36 NOTE
r-devel-linux-x86_64-fedora-gcc 0.0-4 38.79 NOTE
r-devel-windows-x86_64-new-UL 0.0-4 9.00 70.00 79.00 NOTE
r-devel-windows-x86_64-new-TK 0.0-4 NOTE
r-devel-windows-x86_64-old 0.0-4 4.00 48.00 52.00 NOTE
r-patched-linux-x86_64 0.0-4 2.73 36.56 39.29 NOTE
r-release-linux-x86_64 0.0-4 2.68 36.19 38.87 NOTE
r-release-macos-arm64 0.0-4 NOTE
r-release-macos-x86_64 0.0-4 NOTE
r-release-windows-ix86+x86_64 0.0-4 4.00 47.00 51.00 NOTE
r-oldrel-macos-x86_64 0.0-4 OK
r-oldrel-windows-ix86+x86_64 0.0-4 5.00 49.00 54.00 OK

Check Details

Version: 0.0-4
Check: LazyData
Result: NOTE
     'LazyData' is specified without a 'data' directory
Flavors: r-devel-linux-x86_64-debian-clang, r-devel-linux-x86_64-debian-gcc, r-devel-linux-x86_64-fedora-clang, r-devel-linux-x86_64-fedora-gcc, r-devel-windows-x86_64-new-UL, r-devel-windows-x86_64-new-TK, r-devel-windows-x86_64-old, r-patched-linux-x86_64, r-release-linux-x86_64, r-release-macos-arm64, r-release-macos-x86_64, r-release-windows-ix86+x86_64