CRAN Package Check Results for Package assertive.strings

Last updated on 2022-01-20 05:50:15 CET.

Flavor Version Tinstall Tcheck Ttotal Status Flags
r-devel-linux-x86_64-debian-clang 0.0-3 NOTE
r-devel-linux-x86_64-debian-gcc 0.0-3 1.96 28.44 30.40 NOTE
r-devel-linux-x86_64-fedora-clang 0.0-3 47.94 NOTE
r-devel-linux-x86_64-fedora-gcc 0.0-3 37.31 NOTE
r-devel-windows-x86_64-new-UL 0.0-3 127.00 56.00 183.00 NOTE
r-devel-windows-x86_64-new-TK 0.0-3 NOTE
r-patched-linux-x86_64 0.0-3 2.95 35.32 38.27 NOTE
r-release-linux-x86_64 0.0-3 NOTE
r-release-macos-arm64 0.0-3 NOTE
r-release-macos-x86_64 0.0-3 NOTE
r-release-windows-ix86+x86_64 0.0-3 5.00 44.00 49.00 NOTE
r-oldrel-macos-x86_64 0.0-3 OK
r-oldrel-windows-ix86+x86_64 0.0-3 5.00 47.00 52.00 OK

Check Details

Version: 0.0-3
Check: LazyData
Result: NOTE
     'LazyData' is specified without a 'data' directory
Flavors: r-devel-linux-x86_64-debian-clang, r-devel-linux-x86_64-debian-gcc, r-devel-linux-x86_64-fedora-clang, r-devel-linux-x86_64-fedora-gcc, r-devel-windows-x86_64-new-UL, r-devel-windows-x86_64-new-TK, r-patched-linux-x86_64, r-release-linux-x86_64, r-release-macos-arm64, r-release-macos-x86_64, r-release-windows-ix86+x86_64