CRAN Package Check Results for Package assertive.types

Last updated on 2021-12-07 05:54:57 CET.

Flavor Version Tinstall Tcheck Ttotal Status Flags
r-devel-linux-x86_64-debian-clang 0.0-3 4.29 44.10 48.39 NOTE
r-devel-linux-x86_64-debian-gcc 0.0-3 3.18 34.66 37.84 NOTE
r-devel-linux-x86_64-fedora-clang 0.0-3 60.21 NOTE
r-devel-linux-x86_64-fedora-gcc 0.0-3 48.76 NOTE
r-devel-windows-x86_64-new-UL 0.0-3 14.00 80.00 94.00 NOTE
r-devel-windows-x86_64-new-TK 0.0-3 NOTE
r-devel-windows-x86_64-old 0.0-3 7.00 55.00 62.00 NOTE
r-patched-linux-x86_64 0.0-3 7.55 41.83 49.38 NOTE
r-release-linux-x86_64 0.0-3 3.53 41.99 45.52 NOTE
r-release-macos-arm64 0.0-3 NOTE
r-release-macos-x86_64 0.0-3 NOTE
r-release-windows-ix86+x86_64 0.0-3 6.00 49.00 55.00 NOTE
r-oldrel-macos-x86_64 0.0-3 OK
r-oldrel-windows-ix86+x86_64 0.0-3 8.00 55.00 63.00 OK

Check Details

Version: 0.0-3
Check: LazyData
Result: NOTE
     'LazyData' is specified without a 'data' directory
Flavors: r-devel-linux-x86_64-debian-clang, r-devel-linux-x86_64-debian-gcc, r-devel-linux-x86_64-fedora-clang, r-devel-linux-x86_64-fedora-gcc, r-devel-windows-x86_64-new-UL, r-devel-windows-x86_64-new-TK, r-devel-windows-x86_64-old, r-patched-linux-x86_64, r-release-linux-x86_64, r-release-macos-arm64, r-release-macos-x86_64, r-release-windows-ix86+x86_64

Version: 0.0-3
Check: Rd cross-references
Result: NOTE
    Undeclared package ‘pryr’ in Rd xrefs
Flavor: r-devel-linux-x86_64-fedora-clang